{"id":61197,"date":"2026-02-27T15:28:55","date_gmt":"2026-02-27T14:28:55","guid":{"rendered":"https:\/\/www.insardinia.ch\/property\/villa-avec-acces-a-la-plage\/"},"modified":"2026-03-03T10:56:45","modified_gmt":"2026-03-03T09:56:45","slug":"villa-avec-acces-a-la-plage","status":"publish","type":"property","link":"https:\/\/www.insardinia.ch\/it\/property\/villa-avec-acces-a-la-plage\/","title":{"rendered":"Villa avec  vue sur la mer"},"content":{"rendered":"<h1><strong>Superbe villa avec vue sur la mer<br \/>\n<\/strong><\/h1>\n<p>Porto Rafael, \u00e0 1 km de <a href=\"https:\/\/www.sardegnaturismo.it\/fr\/lieux\/nord-est\/palau\"><strong>Palau,<\/strong><\/a> nous proposons \u00e0 la vente une magnifique solution avec vue sur la mer et jardin priv\u00e9. La stup\u00e9fiante propri\u00e9t\u00e9, situ\u00e9e dans un \u00e9l\u00e9gant contexte de villas uniquement, est une partie d&#8217;une villa mitoyenne qui jouit n\u00e9anmoins d&#8217;une intimit\u00e9 absolue ; elle se compose comme suit :<\/p>\n<p>Un grand salon \u00e0 deux niveaux avec vue sur la mer et acc\u00e8s \u00e0 la splendide v\u00e9randa couverte panoramique, une cuisine habitable, deux chambres et deux salles de bains.<\/p>\n<p>En descendant quelques marches, nous descendons \u00e0 l&#8217;\u00e9tage inf\u00e9rieur d&#8217;une hauteur de 2,80 o\u00f9 nous trouvons un espace de d\u00e9tente, trois chambres et deux salles de bains dans la pi\u00e8ce du sous-sol. Depuis l&#8217;espace de d\u00e9tente, nous acc\u00e9dons \u00e0 la deuxi\u00e8me terrasse et au beau jardin o\u00f9 il est possible de construire une piscine priv\u00e9e.<\/p>\n<p>La propri\u00e9t\u00e9 dispose d&#8217;une double place de parking priv\u00e9e et d&#8217;une autre terrasse panoramique spectaculaire sur la dalle qui est accessible par un escalier ext\u00e9rieur. La propri\u00e9t\u00e9, construite dans les ann\u00e9es 1970, est en excellent \u00e9tat structurel mais a besoin d&#8217;une modernisation des syst\u00e8mes, qui sont fonctionnels, mais toujours d&#8217;origine.<\/p>\n<p>De vastes surfaces int\u00e9rieures (environ 200m\u00b2), une vue splendide sur la mer et l&#8217;archipel de Maddalena, la proximit\u00e9 du centre de Porto Rafael avec son port touristique et la plage (que l&#8217;on peut \u00e9galement atteindre \u00e0 pied en moins de 15 minutes), en font une proposition vraiment int\u00e9ressante. Une propri\u00e9t\u00e9 id\u00e9ale pour passer vos vacances d&#8217;\u00e9t\u00e9 dans l&#8217;un des coins les plus beaux et les plus exclusifs de la Sardaigne mais aussi pour la louer pendant la p\u00e9riode estivale.<\/p>\n<p><a href=\"https:\/\/www.sardegnaturismo.it\/fr\/explorer\/porto-rafael\"><strong>Porto Rafael<\/strong> <\/a>: une perle situ\u00e9e au nord de la Sardaigne, sur la c\u00f4te de Gallura : un port devenu un centre touristique renomm\u00e9, entour\u00e9 de plages pr\u00e9serv\u00e9es, face au parc national de l&#8217;archipel de la Maddalena. Destination populaire pour les vacances d&#8217;\u00e9t\u00e9, fr\u00e9quent\u00e9e par des personnalit\u00e9s du show-business international, c&#8217;est aussi un lieu pour les familles et les amateurs de d\u00e9tente et de vie sociale. Le Palau, situ\u00e9 \u00e0 proximit\u00e9, n&#8217;est qu&#8217;\u00e0 2 km.<\/p>\n<p><strong>Autres informations :<\/strong><\/p>\n<ul>\n<li>Ann\u00e9e de construction : 1975<\/li>\n<li>Connexion au r\u00e9seau municipal<\/li>\n<li>La propri\u00e9t\u00e9 est vendue partiellement meubl\u00e9e.<\/li>\n<li>\u00c9tat du bien : r\u00e9novation n\u00e9cessaire, cadres de fen\u00eatres \u00e0 simple vitrage d&#8217;origine des ann\u00e9es 70-80, syst\u00e8me \u00e9lectrique d&#8217;origine. Peut \u00eatre utilis\u00e9, mais est une maison habit\u00e9e.<\/li>\n<li>Charges de copropri\u00e9t\u00e9 : 3500\/an<\/li>\n<li>Type de chauffage : absent<\/li>\n<li>Climatisation : absente<\/li>\n<li>Rev\u00eatement de sol : terracotta\/Grez<\/li>\n<li>Classe \u00e9nerg\u00e9tique : G<\/li>\n<li>Nom du village le plus proche et distance : Porto Rafael, 5 minutes \u00e0 pied<\/li>\n<li>Nom de la plage la plus proche et distance : Nelson Bay, environ 10 minutes de marche<\/li>\n<li>Distance principale aux services : bar&amp;clubhouse &amp; minimarket &amp; restaurant \u00e0 Porto rafael 10 min \u00e0 pied<\/li>\n<li>Nom et distance de la marina la plus proche : Porto Rafael<\/li>\n<li>A\u00e9roports les plus proches et distance : Olbia 1h, Alghero2h30<\/li>\n<li>Ports les plus proches et distance : Santa Teresa (embarquement corse) 25min. Olbia 1h<\/li>\n<li>Orientation : nord-est<\/li>\n<li>M\u00e8tres carr\u00e9s commerciaux : 212<\/li>\n<li>M\u00e8tres carr\u00e9s de surface utile : 170<\/li>\n<li>M\u00e8tres carr\u00e9s de terrain : 600 environ.<\/li>\n<li>Double place de parking non couverte<\/li>\n<li>Chambres \u00e0 coucher : 5<\/li>\n<li>Salles de bain : 4<\/li>\n<li>Approvisionnement en eau Abbanoa<\/li>\n<li>Disponibilit\u00e9 pour la vente : Imm\u00e9diate<\/li>\n<\/ul>\n<p><a href=\"https:\/\/www.insardinia.ch\/it\/state\/palau-it\/\"><strong>Voir plus de propri\u00e9t\u00e9s \u00e0 vendre dans la r\u00e9gion<\/strong><\/a><\/p>\n<p>&nbsp;<\/p>\n","protected":false},"excerpt":{"rendered":"<p>Superbe villa avec vue sur la mer Porto Rafael, \u00e0 1 km de Palau, nous proposons \u00e0 la vente une magnifique solution avec vue sur la mer et jardin priv\u00e9. La stup\u00e9fiante propri\u00e9t\u00e9, situ\u00e9e dans un \u00e9l\u00e9gant contexte de villas uniquement, est une partie d&#8217;une villa mitoyenne qui jouit n\u00e9anmoins d&#8217;une intimit\u00e9 absolue ; elle [&hellip;]<\/p>\n","protected":false},"author":18,"featured_media":61030,"parent":0,"menu_order":0,"template":"","property_type":[1087],"property_status":[16],"property_feature":[646,395,71,399,389,403,75,77,78],"property_label":[657],"property_city":[593],"property_area":[],"property_state":[1088],"yoast_head":"<!-- This site is optimized with the Yoast SEO plugin v21.3 - https:\/\/yoast.com\/wordpress\/plugins\/seo\/ -->\n<title>Villa avec vue sur la mer - InSardinia<\/title>\n<meta name=\"robots\" content=\"index, follow, max-snippet:-1, max-image-preview:large, max-video-preview:-1\" \/>\n<link rel=\"canonical\" href=\"https:\/\/www.insardinia.ch\/it\/property\/villa-avec-acces-a-la-plage\/\" \/>\n<meta property=\"og:locale\" content=\"it_IT\" \/>\n<meta property=\"og:type\" content=\"article\" \/>\n<meta property=\"og:title\" content=\"Villa avec vue sur la mer - InSardinia\" \/>\n<meta property=\"og:description\" content=\"-1169\" \/>\n<meta property=\"og:url\" content=\"https:\/\/www.insardinia.ch\/it\/property\/villa-avec-acces-a-la-plage\/\" \/>\n<meta property=\"og:site_name\" content=\"InSardinia\" \/>\n<meta property=\"article:modified_time\" content=\"2026-03-03T09:56:45+00:00\" \/>\n<meta property=\"og:image\" content=\"http:\/\/60\" \/>\n<meta name=\"twitter:card\" content=\"summary_large_image\" \/>\n<meta name=\"twitter:title\" content=\"3\" \/>\n<meta name=\"twitter:label1\" content=\"Tempo di lettura stimato\" \/>\n\t<meta name=\"twitter:data1\" content=\"3 minuti\" \/>\n<script type=\"application\/ld+json\" class=\"yoast-schema-graph\">{\"@context\":\"https:\/\/schema.org\",\"@graph\":[{\"@type\":\"WebPage\",\"@id\":\"https:\/\/www.insardinia.ch\/it\/property\/villa-avec-acces-a-la-plage\/\",\"url\":\"https:\/\/www.insardinia.ch\/it\/property\/villa-avec-acces-a-la-plage\/\",\"name\":\"Villa avec vue sur la mer - InSardinia\",\"isPartOf\":{\"@id\":\"https:\/\/www.insardinia.ch\/en\/#website\"},\"datePublished\":\"2026-02-27T14:28:55+00:00\",\"dateModified\":\"2026-03-03T09:56:45+00:00\",\"breadcrumb\":{\"@id\":\"https:\/\/www.insardinia.ch\/it\/property\/villa-avec-acces-a-la-plage\/#breadcrumb\"},\"inLanguage\":\"it-IT\",\"potentialAction\":[{\"@type\":\"ReadAction\",\"target\":[\"https:\/\/www.insardinia.ch\/it\/property\/villa-avec-acces-a-la-plage\/\"]}]},{\"@type\":\"BreadcrumbList\",\"@id\":\"https:\/\/www.insardinia.ch\/it\/property\/villa-avec-acces-a-la-plage\/#breadcrumb\",\"itemListElement\":[{\"@type\":\"ListItem\",\"position\":1,\"name\":\"Home\",\"item\":\"https:\/\/www.insardinia.ch\/it\/\"},{\"@type\":\"ListItem\",\"position\":2,\"name\":\"Propriet\u00e0\",\"item\":\"https:\/\/www.insardinia.ch\/it\/property\/\"},{\"@type\":\"ListItem\",\"position\":3,\"name\":\"Villa avec vue sur la mer\"}]},{\"@type\":\"WebSite\",\"@id\":\"https:\/\/www.insardinia.ch\/en\/#website\",\"url\":\"https:\/\/www.insardinia.ch\/en\/\",\"name\":\"InSardinia\",\"description\":\"\",\"potentialAction\":[{\"@type\":\"SearchAction\",\"target\":{\"@type\":\"EntryPoint\",\"urlTemplate\":\"https:\/\/www.insardinia.ch\/en\/?s={search_term_string}\"},\"query-input\":\"required name=search_term_string\"}],\"inLanguage\":\"it-IT\"}]}<\/script>\n<!-- \/ Yoast SEO plugin. -->","yoast_head_json":{"title":"Villa avec vue sur la mer - InSardinia","robots":{"index":"index","follow":"follow","max-snippet":"max-snippet:-1","max-image-preview":"max-image-preview:large","max-video-preview":"max-video-preview:-1"},"canonical":"https:\/\/www.insardinia.ch\/it\/property\/villa-avec-acces-a-la-plage\/","og_locale":"it_IT","og_type":"article","og_title":"Villa avec vue sur la mer - InSardinia","og_description":"-1169","og_url":"https:\/\/www.insardinia.ch\/it\/property\/villa-avec-acces-a-la-plage\/","og_site_name":"InSardinia","article_modified_time":"2026-03-03T09:56:45+00:00","og_image":[{"url":"60"}],"twitter_card":"summary_large_image","twitter_title":"3","twitter_misc":{"Tempo di lettura stimato":"3 minuti"},"schema":{"@context":"https:\/\/schema.org","@graph":[{"@type":"WebPage","@id":"https:\/\/www.insardinia.ch\/it\/property\/villa-avec-acces-a-la-plage\/","url":"https:\/\/www.insardinia.ch\/it\/property\/villa-avec-acces-a-la-plage\/","name":"Villa avec vue sur la mer - InSardinia","isPartOf":{"@id":"https:\/\/www.insardinia.ch\/en\/#website"},"datePublished":"2026-02-27T14:28:55+00:00","dateModified":"2026-03-03T09:56:45+00:00","breadcrumb":{"@id":"https:\/\/www.insardinia.ch\/it\/property\/villa-avec-acces-a-la-plage\/#breadcrumb"},"inLanguage":"it-IT","potentialAction":[{"@type":"ReadAction","target":["https:\/\/www.insardinia.ch\/it\/property\/villa-avec-acces-a-la-plage\/"]}]},{"@type":"BreadcrumbList","@id":"https:\/\/www.insardinia.ch\/it\/property\/villa-avec-acces-a-la-plage\/#breadcrumb","itemListElement":[{"@type":"ListItem","position":1,"name":"Home","item":"https:\/\/www.insardinia.ch\/it\/"},{"@type":"ListItem","position":2,"name":"Propriet\u00e0","item":"https:\/\/www.insardinia.ch\/it\/property\/"},{"@type":"ListItem","position":3,"name":"Villa avec vue sur la mer"}]},{"@type":"WebSite","@id":"https:\/\/www.insardinia.ch\/en\/#website","url":"https:\/\/www.insardinia.ch\/en\/","name":"InSardinia","description":"","potentialAction":[{"@type":"SearchAction","target":{"@type":"EntryPoint","urlTemplate":"https:\/\/www.insardinia.ch\/en\/?s={search_term_string}"},"query-input":"required name=search_term_string"}],"inLanguage":"it-IT"}]}},"_links":{"self":[{"href":"https:\/\/www.insardinia.ch\/it\/wp-json\/wp\/v2\/properties\/61197"}],"collection":[{"href":"https:\/\/www.insardinia.ch\/it\/wp-json\/wp\/v2\/properties"}],"about":[{"href":"https:\/\/www.insardinia.ch\/it\/wp-json\/wp\/v2\/types\/property"}],"author":[{"embeddable":true,"href":"https:\/\/www.insardinia.ch\/it\/wp-json\/wp\/v2\/users\/18"}],"version-history":[{"count":1,"href":"https:\/\/www.insardinia.ch\/it\/wp-json\/wp\/v2\/properties\/61197\/revisions"}],"predecessor-version":[{"id":85336,"href":"https:\/\/www.insardinia.ch\/it\/wp-json\/wp\/v2\/properties\/61197\/revisions\/85336"}],"wp:featuredmedia":[{"embeddable":true,"href":"https:\/\/www.insardinia.ch\/it\/wp-json\/wp\/v2\/media\/61030"}],"wp:attachment":[{"href":"https:\/\/www.insardinia.ch\/it\/wp-json\/wp\/v2\/media?parent=61197"}],"wp:term":[{"taxonomy":"property_type","embeddable":true,"href":"https:\/\/www.insardinia.ch\/it\/wp-json\/wp\/v2\/property_type?post=61197"},{"taxonomy":"property_status","embeddable":true,"href":"https:\/\/www.insardinia.ch\/it\/wp-json\/wp\/v2\/property_status?post=61197"},{"taxonomy":"property_feature","embeddable":true,"href":"https:\/\/www.insardinia.ch\/it\/wp-json\/wp\/v2\/property_feature?post=61197"},{"taxonomy":"property_label","embeddable":true,"href":"https:\/\/www.insardinia.ch\/it\/wp-json\/wp\/v2\/property_label?post=61197"},{"taxonomy":"property_city","embeddable":true,"href":"https:\/\/www.insardinia.ch\/it\/wp-json\/wp\/v2\/property_city?post=61197"},{"taxonomy":"property_area","embeddable":true,"href":"https:\/\/www.insardinia.ch\/it\/wp-json\/wp\/v2\/property_area?post=61197"},{"taxonomy":"property_state","embeddable":true,"href":"https:\/\/www.insardinia.ch\/it\/wp-json\/wp\/v2\/property_state?post=61197"}],"curies":[{"name":"wp","href":"https:\/\/api.w.org\/{rel}","templated":true}]}}

<h1><strong>Superbe villa avec vue sur la mer<br />
</strong></h1>
<p>Porto Rafael, à 1 km de <a href="https://www.sardegnaturismo.it/fr/lieux/nord-est/palau"><strong>Palau,</strong></a> nous proposons à la vente une magnifique solution avec vue sur la mer et jardin privé. La stupéfiante propriété, située dans un élégant contexte de villas uniquement, est une partie d&#8217;une villa mitoyenne qui jouit néanmoins d&#8217;une intimité absolue ; elle se compose comme suit :</p>
<p>Un grand salon à deux niveaux avec vue sur la mer et accès à la splendide véranda couverte panoramique, une cuisine habitable, deux chambres et deux salles de bains.</p>
<p>En descendant quelques marches, nous descendons à l&#8217;étage inférieur d&#8217;une hauteur de 2,80 où nous trouvons un espace de détente, trois chambres et deux salles de bains dans la pièce du sous-sol. Depuis l&#8217;espace de détente, nous accédons à la deuxième terrasse et au beau jardin où il est possible de construire une piscine privée.</p>
<p>La propriété dispose d&#8217;une double place de parking privée et d&#8217;une autre terrasse panoramique spectaculaire sur la dalle qui est accessible par un escalier extérieur. La propriété, construite dans les années 1970, est en excellent état structurel mais a besoin d&#8217;une modernisation des systèmes, qui sont fonctionnels, mais toujours d&#8217;origine.</p>
<p>De vastes surfaces intérieures (environ 200m²), une vue splendide sur la mer et l&#8217;archipel de Maddalena, la proximité du centre de Porto Rafael avec son port touristique et la plage (que l&#8217;on peut également atteindre à pied en moins de 15 minutes), en font une proposition vraiment intéressante. Une propriété idéale pour passer vos vacances d&#8217;été dans l&#8217;un des coins les plus beaux et les plus exclusifs de la Sardaigne mais aussi pour la louer pendant la période estivale.</p>
<p><a href="https://www.sardegnaturismo.it/fr/explorer/porto-rafael"><strong>Porto Rafael</strong> </a>: une perle située au nord de la Sardaigne, sur la côte de Gallura : un port devenu un centre touristique renommé, entouré de plages préservées, face au parc national de l&#8217;archipel de la Maddalena. Destination populaire pour les vacances d&#8217;été, fréquentée par des personnalités du show-business international, c&#8217;est aussi un lieu pour les familles et les amateurs de détente et de vie sociale. Le Palau, situé à proximité, n&#8217;est qu&#8217;à 2 km.</p>
<p><strong>Autres informations :</strong></p>
<ul>
<li>Année de construction : 1975</li>
<li>Connexion au réseau municipal</li>
<li>La propriété est vendue partiellement meublée.</li>
<li>État du bien : rénovation nécessaire, cadres de fenêtres à simple vitrage d&#8217;origine des années 70-80, système électrique d&#8217;origine. Peut être utilisé, mais est une maison habitée.</li>
<li>Charges de copropriété : 3500/an</li>
<li>Type de chauffage : absent</li>
<li>Climatisation : absente</li>
<li>Revêtement de sol : terracotta/Grez</li>
<li>Classe énergétique : G</li>
<li>Nom du village le plus proche et distance : Porto Rafael, 5 minutes à pied</li>
<li>Nom de la plage la plus proche et distance : Nelson Bay, environ 10 minutes de marche</li>
<li>Distance principale aux services : bar&amp;clubhouse &amp; minimarket &amp; restaurant à Porto rafael 10 min à pied</li>
<li>Nom et distance de la marina la plus proche : Porto Rafael</li>
<li>Aéroports les plus proches et distance : Olbia 1h, Alghero2h30</li>
<li>Ports les plus proches et distance : Santa Teresa (embarquement corse) 25min. Olbia 1h</li>
<li>Orientation : nord-est</li>
<li>Mètres carrés commerciaux : 212</li>
<li>Mètres carrés de surface utile : 170</li>
<li>Mètres carrés de terrain : 600 environ.</li>
<li>Double place de parking non couverte</li>
<li>Chambres à coucher : 5</li>
<li>Salles de bain : 4</li>
<li>Approvisionnement en eau Abbanoa</li>
<li>Disponibilité pour la vente : Immédiate</li>
</ul>
<p><a href="https://www.insardinia.ch/it/state/palau-it/"><strong>Voir plus de propriétés à vendre dans la région</strong></a></p>
<p>&nbsp;</p>

<p>Superbe villa avec vue sur la mer Porto Rafael, à 1 km de Palau, nous proposons à la vente une magnifique solution avec vue sur la mer et jardin privé. La stupéfiante propriété, située dans un élégant contexte de villas uniquement, est une partie d&#8217;une villa mitoyenne qui jouit néanmoins d&#8217;une intimité absolue ; elle [&hellip;]</p>

<!-- This site is optimized with the Yoast SEO plugin v21.3 - https://yoast.com/wordpress/plugins/seo/ -->
<title>Villa avec vue sur la mer - InSardinia</title>
<meta name="robots" content="index, follow, max-snippet:-1, max-image-preview:large, max-video-preview:-1" />
<link rel="canonical" href="https://www.insardinia.ch/it/property/villa-avec-acces-a-la-plage/" />
<meta property="og:locale" content="it_IT" />
<meta property="og:type" content="article" />
<meta property="og:title" content="Villa avec vue sur la mer - InSardinia" />
<meta property="og:description" content="-1169" />
<meta property="og:url" content="https://www.insardinia.ch/it/property/villa-avec-acces-a-la-plage/" />
<meta property="og:site_name" content="InSardinia" />
<meta property="article:modified_time" content="2026-03-03T09:56:45+00:00" />
<meta property="og:image" content="http://60" />
<meta name="twitter:card" content="summary_large_image" />
<meta name="twitter:title" content="3" />
<meta name="twitter:label1" content="Tempo di lettura stimato" />
	<meta name="twitter:data1" content="3 minuti" />
<script type="application/ld+json" class="yoast-schema-graph">{"@context":"https://schema.org","@graph":[{"@type":"WebPage","@id":"https://www.insardinia.ch/it/property/villa-avec-acces-a-la-plage/","url":"https://www.insardinia.ch/it/property/villa-avec-acces-a-la-plage/","name":"Villa avec vue sur la mer - InSardinia","isPartOf":{"@id":"https://www.insardinia.ch/en/#website"},"datePublished":"2026-02-27T14:28:55+00:00","dateModified":"2026-03-03T09:56:45+00:00","breadcrumb":{"@id":"https://www.insardinia.ch/it/property/villa-avec-acces-a-la-plage/#breadcrumb"},"inLanguage":"it-IT","potentialAction":[{"@type":"ReadAction","target":["https://www.insardinia.ch/it/property/villa-avec-acces-a-la-plage/"]}]},{"@type":"BreadcrumbList","@id":"https://www.insardinia.ch/it/property/villa-avec-acces-a-la-plage/#breadcrumb","itemListElement":[{"@type":"ListItem","position":1,"name":"Home","item":"https://www.insardinia.ch/it/"},{"@type":"ListItem","position":2,"name":"Proprietà","item":"https://www.insardinia.ch/it/property/"},{"@type":"ListItem","position":3,"name":"Villa avec vue sur la mer"}]},{"@type":"WebSite","@id":"https://www.insardinia.ch/en/#website","url":"https://www.insardinia.ch/en/","name":"InSardinia","description":"","potentialAction":[{"@type":"SearchAction","target":{"@type":"EntryPoint","urlTemplate":"https://www.insardinia.ch/en/?s={search_term_string}"},"query-input":"required name=search_term_string"}],"inLanguage":"it-IT"}]}</script>
<!-- / Yoast SEO plugin. -->

Proprietà
