{"id":16092,"date":"2019-03-18T11:36:32","date_gmt":"2019-03-18T10:36:32","guid":{"rendered":"https:\/\/www.insardinia.ch\/?post_type=property&#038;p=16092"},"modified":"2019-10-09T20:27:17","modified_gmt":"2019-10-09T18:27:17","slug":"sant-antioco-appartamento-in-centro","status":"publish","type":"property","link":"https:\/\/www.insardinia.ch\/it\/property\/sant-antioco-appartamento-in-centro\/","title":{"rendered":"Sant&#8217; Antioco: Appartamento in centro"},"content":{"rendered":"<h1><strong>Elegante bilocale nel centro di Sant\u2019Antioco con terrazzo e splendida vista sulla laguna<\/strong><\/h1>\n<p>Fantastico bilocale con terrazzo e vista sulla laguna, ha una capienza di 3 posti letto e si suddivide in: 1 camera da letto, 1 bagno con doccia, elegante zona giorno con angolo cottura e divano, terrazza in comune, giardino.<\/p>\n<p>Situato al primo piano di una casa indipendente con giardino, nel suggestivo centro storico di Sant&#8217;Antioco, questo romantico bilocale di recente realizzazione \u00e8 composto da 1 camera da letto matrimoniale graziosamente arredata e dotata di tutti i comfort, un\u2019ampia ed elegante zona giorno con angolo cottura, tavolo e sedie, e un bel bagno con doccia in cui trova posto anche la lavatrice.<\/p>\n<p>La zona giorno \u00e8 arredata con mobili etnici e con finestre che rendono l\u2019ambiente molto luminoso, ed \u00e8 presente anche un divano letto per il terzo posto. La bellissima terrazza \u00e8 in comune con l&#8217;appartamento P21-A, \u00e8 molto grande e ideale per gustare colazioni o aperitivi godendo della splendida vista sulla laguna e sul centro storico. La struttura \u00e8 dotata di aria condizionata.<\/p>\n<h2><strong>Veduta fantastica sulla laguna e sul centro storico<\/strong><\/h2>\n<p>L\u2019appartamento \u00e8 rifinito con cura e nei dettagli, \u00e8 arredato con gusto ed eleganza.<\/p>\n<p>Da notare il letto in ferro battuto, i mobili in stile belle epoque, decisamente di gusto romantico, e l\u2019impostazione della zona giorno che appare raccolta e intima. Ideale per coppie con bambini che desiderano trascorrere una vacanza in un posto magnifico come questo incantevole angolo della Sardegna, l\u2019appartamento \u00e8 davvero molto bello e lo si vede gi\u00e0 dalla scala che conduce al primo piano, rifinita in cotto e maioliche colorate, che annuncia l\u2019atmosfera calda e accogliente di questa location.<\/p>\n<p>L\u2019appartamento si sviluppa su una superficie di circa 50 metri quadri ed \u00e8 abbastanza comodo, mentre la terrazza, piuttosto spaziosa, \u00e8 completamente piastrellata e circondata da una ringhiera interrotta a tratti da pilastrini e muretti, molto carina nell\u2019insieme. La terrazza \u00e8 il punto forte di questo bellissimo bilocale che permette di ammirare da una posizione privilegiata il centro storico e la meravigliosa laguna, una veduta fantastica!<\/p>\n<h3><strong>Bilocale in centro storico e vicino alle attrazioni e alle spiagge <\/strong><\/h3>\n<p>La casa si trova in una posizione tranquilla, vicinissima ai servizi principali e al centro di Sant\u2019Antioco, La rinomata cittadina dell\u2019arcipelago del Sulcis e centro principale della maggiore isola della Sardegna. A circa 7 km dal bilocale si trova la spiaggia di Maladroxia, mentre nei dintorni \u00e8 possibile raggiungere anche altre bellissime spiagge come ad esempio quella di Turri, Calaspaone, Calalunga, Co&#8217;quaddus e incantevoli scogliere e piscine naturali.<\/p>\n<p>A circa 2 km si trova il porticciolo turistico pi\u00f9 vicino, mentre nelle vicinanze si possono praticare numerosi sport come equitazione, pescaturismo, quad, running, trekking, biking, e ovviamente anche diving, snorkeling, kitesurf, windsurf e fare anche escursioni in barca.<\/p>\n<p>Nelle tariffe sono compresi lenzuola, asciugamani, teli mare, pulizie finali e anche tutte le utenze come gas, luce e acqua sono comprese. Per tutti i comfort, la posizione e il contesto spettacolare questo splendido bilocale \u00e8 il posto perfetto per trascorrere un soggiorno straordinario in questa magnifica zona della Sardegna!<\/p>\n","protected":false},"excerpt":{"rendered":"<p>Elegante bilocale nel centro di Sant\u2019Antioco con terrazzo e splendida vista sulla laguna Fantastico bilocale con terrazzo e vista sulla laguna, ha una capienza di 3 posti letto e si suddivide in: 1 camera da letto, 1 bagno con doccia, elegante zona giorno con angolo cottura e divano, terrazza in comune, giardino. Situato al primo [&hellip;]<\/p>\n","protected":false},"author":2,"featured_media":16093,"parent":0,"menu_order":0,"template":"","property_type":[43],"property_status":[382],"property_feature":[402,385,646,403,389,564,75,78],"property_label":[654],"property_city":[596],"property_area":[],"property_state":[805],"yoast_head":"<!-- This site is optimized with the Yoast SEO plugin v21.3 - https:\/\/yoast.com\/wordpress\/plugins\/seo\/ -->\n<title>Sant&#039; Antioco: Appartamento in centro - InSardinia<\/title>\n<meta name=\"description\" content=\"Sant&#039; Antioco:Appartamento con terrazzo composto da:1 camera da letto, 1sala da bagno ,zona giorno con angolo cottura e divano e giardino.\" \/>\n<meta name=\"robots\" content=\"index, follow, max-snippet:-1, max-image-preview:large, max-video-preview:-1\" \/>\n<link rel=\"canonical\" href=\"https:\/\/www.insardinia.ch\/it\/property\/sant-antioco-appartamento-in-centro\/\" \/>\n<meta property=\"og:locale\" content=\"it_IT\" \/>\n<meta property=\"og:type\" content=\"article\" \/>\n<meta property=\"og:title\" content=\"Sant&#039; Antioco: Appartamento in centro - InSardinia\" \/>\n<meta property=\"og:description\" content=\"Sant&#039; Antioco:Appartamento con terrazzo composto da:1 camera da letto, 1sala da bagno ,zona giorno con angolo cottura e divano e giardino.\" \/>\n<meta property=\"og:url\" content=\"https:\/\/www.insardinia.ch\/it\/property\/sant-antioco-appartamento-in-centro\/\" \/>\n<meta property=\"og:site_name\" content=\"InSardinia\" \/>\n<meta property=\"article:modified_time\" content=\"2019-10-09T18:27:17+00:00\" \/>\n<meta property=\"og:image\" content=\"https:\/\/www.insardinia.ch\/vendita\/wp-content\/uploads\/2019\/03\/Villa-Marinestyle2-Calasetta-Sardinia-03.jpg\" \/>\n\t<meta property=\"og:image:width\" content=\"1500\" \/>\n\t<meta property=\"og:image:height\" content=\"1125\" \/>\n\t<meta property=\"og:image:type\" content=\"image\/jpeg\" \/>\n<meta name=\"twitter:card\" content=\"summary_large_image\" \/>\n<meta name=\"twitter:label1\" content=\"Tempo di lettura stimato\" \/>\n\t<meta name=\"twitter:data1\" content=\"3 minuti\" \/>\n<script type=\"application\/ld+json\" class=\"yoast-schema-graph\">{\"@context\":\"https:\/\/schema.org\",\"@graph\":[{\"@type\":\"WebPage\",\"@id\":\"https:\/\/www.insardinia.ch\/it\/property\/sant-antioco-appartamento-in-centro\/\",\"url\":\"https:\/\/www.insardinia.ch\/it\/property\/sant-antioco-appartamento-in-centro\/\",\"name\":\"Sant' Antioco: Appartamento in centro - InSardinia\",\"isPartOf\":{\"@id\":\"https:\/\/www.insardinia.ch\/en\/#website\"},\"datePublished\":\"2019-03-18T10:36:32+00:00\",\"dateModified\":\"2019-10-09T18:27:17+00:00\",\"description\":\"Sant' Antioco:Appartamento con terrazzo composto da:1 camera da letto, 1sala da bagno ,zona giorno con angolo cottura e divano e giardino.\",\"breadcrumb\":{\"@id\":\"https:\/\/www.insardinia.ch\/it\/property\/sant-antioco-appartamento-in-centro\/#breadcrumb\"},\"inLanguage\":\"it-IT\",\"potentialAction\":[{\"@type\":\"ReadAction\",\"target\":[\"https:\/\/www.insardinia.ch\/it\/property\/sant-antioco-appartamento-in-centro\/\"]}]},{\"@type\":\"BreadcrumbList\",\"@id\":\"https:\/\/www.insardinia.ch\/it\/property\/sant-antioco-appartamento-in-centro\/#breadcrumb\",\"itemListElement\":[{\"@type\":\"ListItem\",\"position\":1,\"name\":\"Home\",\"item\":\"https:\/\/www.insardinia.ch\/it\/\"},{\"@type\":\"ListItem\",\"position\":2,\"name\":\"Propriet\u00e0\",\"item\":\"https:\/\/www.insardinia.ch\/it\/property\/\"},{\"@type\":\"ListItem\",\"position\":3,\"name\":\"Sant&#8217; Antioco: Appartamento in centro\"}]},{\"@type\":\"WebSite\",\"@id\":\"https:\/\/www.insardinia.ch\/en\/#website\",\"url\":\"https:\/\/www.insardinia.ch\/en\/\",\"name\":\"InSardinia\",\"description\":\"\",\"potentialAction\":[{\"@type\":\"SearchAction\",\"target\":{\"@type\":\"EntryPoint\",\"urlTemplate\":\"https:\/\/www.insardinia.ch\/en\/?s={search_term_string}\"},\"query-input\":\"required name=search_term_string\"}],\"inLanguage\":\"it-IT\"}]}<\/script>\n<!-- \/ Yoast SEO plugin. -->","yoast_head_json":{"title":"Sant' Antioco: Appartamento in centro - InSardinia","description":"Sant' Antioco:Appartamento con terrazzo composto da:1 camera da letto, 1sala da bagno ,zona giorno con angolo cottura e divano e giardino.","robots":{"index":"index","follow":"follow","max-snippet":"max-snippet:-1","max-image-preview":"max-image-preview:large","max-video-preview":"max-video-preview:-1"},"canonical":"https:\/\/www.insardinia.ch\/it\/property\/sant-antioco-appartamento-in-centro\/","og_locale":"it_IT","og_type":"article","og_title":"Sant' Antioco: Appartamento in centro - InSardinia","og_description":"Sant' Antioco:Appartamento con terrazzo composto da:1 camera da letto, 1sala da bagno ,zona giorno con angolo cottura e divano e giardino.","og_url":"https:\/\/www.insardinia.ch\/it\/property\/sant-antioco-appartamento-in-centro\/","og_site_name":"InSardinia","article_modified_time":"2019-10-09T18:27:17+00:00","og_image":[{"width":1500,"height":1125,"url":"https:\/\/www.insardinia.ch\/vendita\/wp-content\/uploads\/2019\/03\/Villa-Marinestyle2-Calasetta-Sardinia-03.jpg","type":"image\/jpeg"}],"twitter_card":"summary_large_image","twitter_misc":{"Tempo di lettura stimato":"3 minuti"},"schema":{"@context":"https:\/\/schema.org","@graph":[{"@type":"WebPage","@id":"https:\/\/www.insardinia.ch\/it\/property\/sant-antioco-appartamento-in-centro\/","url":"https:\/\/www.insardinia.ch\/it\/property\/sant-antioco-appartamento-in-centro\/","name":"Sant' Antioco: Appartamento in centro - InSardinia","isPartOf":{"@id":"https:\/\/www.insardinia.ch\/en\/#website"},"datePublished":"2019-03-18T10:36:32+00:00","dateModified":"2019-10-09T18:27:17+00:00","description":"Sant' Antioco:Appartamento con terrazzo composto da:1 camera da letto, 1sala da bagno ,zona giorno con angolo cottura e divano e giardino.","breadcrumb":{"@id":"https:\/\/www.insardinia.ch\/it\/property\/sant-antioco-appartamento-in-centro\/#breadcrumb"},"inLanguage":"it-IT","potentialAction":[{"@type":"ReadAction","target":["https:\/\/www.insardinia.ch\/it\/property\/sant-antioco-appartamento-in-centro\/"]}]},{"@type":"BreadcrumbList","@id":"https:\/\/www.insardinia.ch\/it\/property\/sant-antioco-appartamento-in-centro\/#breadcrumb","itemListElement":[{"@type":"ListItem","position":1,"name":"Home","item":"https:\/\/www.insardinia.ch\/it\/"},{"@type":"ListItem","position":2,"name":"Propriet\u00e0","item":"https:\/\/www.insardinia.ch\/it\/property\/"},{"@type":"ListItem","position":3,"name":"Sant&#8217; Antioco: Appartamento in centro"}]},{"@type":"WebSite","@id":"https:\/\/www.insardinia.ch\/en\/#website","url":"https:\/\/www.insardinia.ch\/en\/","name":"InSardinia","description":"","potentialAction":[{"@type":"SearchAction","target":{"@type":"EntryPoint","urlTemplate":"https:\/\/www.insardinia.ch\/en\/?s={search_term_string}"},"query-input":"required name=search_term_string"}],"inLanguage":"it-IT"}]}},"_links":{"self":[{"href":"https:\/\/www.insardinia.ch\/it\/wp-json\/wp\/v2\/properties\/16092"}],"collection":[{"href":"https:\/\/www.insardinia.ch\/it\/wp-json\/wp\/v2\/properties"}],"about":[{"href":"https:\/\/www.insardinia.ch\/it\/wp-json\/wp\/v2\/types\/property"}],"author":[{"embeddable":true,"href":"https:\/\/www.insardinia.ch\/it\/wp-json\/wp\/v2\/users\/2"}],"version-history":[{"count":0,"href":"https:\/\/www.insardinia.ch\/it\/wp-json\/wp\/v2\/properties\/16092\/revisions"}],"wp:featuredmedia":[{"embeddable":true,"href":"https:\/\/www.insardinia.ch\/it\/wp-json\/wp\/v2\/media\/16093"}],"wp:attachment":[{"href":"https:\/\/www.insardinia.ch\/it\/wp-json\/wp\/v2\/media?parent=16092"}],"wp:term":[{"taxonomy":"property_type","embeddable":true,"href":"https:\/\/www.insardinia.ch\/it\/wp-json\/wp\/v2\/property_type?post=16092"},{"taxonomy":"property_status","embeddable":true,"href":"https:\/\/www.insardinia.ch\/it\/wp-json\/wp\/v2\/property_status?post=16092"},{"taxonomy":"property_feature","embeddable":true,"href":"https:\/\/www.insardinia.ch\/it\/wp-json\/wp\/v2\/property_feature?post=16092"},{"taxonomy":"property_label","embeddable":true,"href":"https:\/\/www.insardinia.ch\/it\/wp-json\/wp\/v2\/property_label?post=16092"},{"taxonomy":"property_city","embeddable":true,"href":"https:\/\/www.insardinia.ch\/it\/wp-json\/wp\/v2\/property_city?post=16092"},{"taxonomy":"property_area","embeddable":true,"href":"https:\/\/www.insardinia.ch\/it\/wp-json\/wp\/v2\/property_area?post=16092"},{"taxonomy":"property_state","embeddable":true,"href":"https:\/\/www.insardinia.ch\/it\/wp-json\/wp\/v2\/property_state?post=16092"}],"curies":[{"name":"wp","href":"https:\/\/api.w.org\/{rel}","templated":true}]}}

<h1><strong>Elegante bilocale nel centro di Sant’Antioco con terrazzo e splendida vista sulla laguna</strong></h1>
<p>Fantastico bilocale con terrazzo e vista sulla laguna, ha una capienza di 3 posti letto e si suddivide in: 1 camera da letto, 1 bagno con doccia, elegante zona giorno con angolo cottura e divano, terrazza in comune, giardino.</p>
<p>Situato al primo piano di una casa indipendente con giardino, nel suggestivo centro storico di Sant&#8217;Antioco, questo romantico bilocale di recente realizzazione è composto da 1 camera da letto matrimoniale graziosamente arredata e dotata di tutti i comfort, un’ampia ed elegante zona giorno con angolo cottura, tavolo e sedie, e un bel bagno con doccia in cui trova posto anche la lavatrice.</p>
<p>La zona giorno è arredata con mobili etnici e con finestre che rendono l’ambiente molto luminoso, ed è presente anche un divano letto per il terzo posto. La bellissima terrazza è in comune con l&#8217;appartamento P21-A, è molto grande e ideale per gustare colazioni o aperitivi godendo della splendida vista sulla laguna e sul centro storico. La struttura è dotata di aria condizionata.</p>
<h2><strong>Veduta fantastica sulla laguna e sul centro storico</strong></h2>
<p>L’appartamento è rifinito con cura e nei dettagli, è arredato con gusto ed eleganza.</p>
<p>Da notare il letto in ferro battuto, i mobili in stile belle epoque, decisamente di gusto romantico, e l’impostazione della zona giorno che appare raccolta e intima. Ideale per coppie con bambini che desiderano trascorrere una vacanza in un posto magnifico come questo incantevole angolo della Sardegna, l’appartamento è davvero molto bello e lo si vede già dalla scala che conduce al primo piano, rifinita in cotto e maioliche colorate, che annuncia l’atmosfera calda e accogliente di questa location.</p>
<p>L’appartamento si sviluppa su una superficie di circa 50 metri quadri ed è abbastanza comodo, mentre la terrazza, piuttosto spaziosa, è completamente piastrellata e circondata da una ringhiera interrotta a tratti da pilastrini e muretti, molto carina nell’insieme. La terrazza è il punto forte di questo bellissimo bilocale che permette di ammirare da una posizione privilegiata il centro storico e la meravigliosa laguna, una veduta fantastica!</p>
<h3><strong>Bilocale in centro storico e vicino alle attrazioni e alle spiagge </strong></h3>
<p>La casa si trova in una posizione tranquilla, vicinissima ai servizi principali e al centro di Sant’Antioco, La rinomata cittadina dell’arcipelago del Sulcis e centro principale della maggiore isola della Sardegna. A circa 7 km dal bilocale si trova la spiaggia di Maladroxia, mentre nei dintorni è possibile raggiungere anche altre bellissime spiagge come ad esempio quella di Turri, Calaspaone, Calalunga, Co&#8217;quaddus e incantevoli scogliere e piscine naturali.</p>
<p>A circa 2 km si trova il porticciolo turistico più vicino, mentre nelle vicinanze si possono praticare numerosi sport come equitazione, pescaturismo, quad, running, trekking, biking, e ovviamente anche diving, snorkeling, kitesurf, windsurf e fare anche escursioni in barca.</p>
<p>Nelle tariffe sono compresi lenzuola, asciugamani, teli mare, pulizie finali e anche tutte le utenze come gas, luce e acqua sono comprese. Per tutti i comfort, la posizione e il contesto spettacolare questo splendido bilocale è il posto perfetto per trascorrere un soggiorno straordinario in questa magnifica zona della Sardegna!</p>

<!-- This site is optimized with the Yoast SEO plugin v21.3 - https://yoast.com/wordpress/plugins/seo/ -->
<title>Sant&#039; Antioco: Appartamento in centro - InSardinia</title>
<meta name="description" content="Sant&#039; Antioco:Appartamento con terrazzo composto da:1 camera da letto, 1sala da bagno ,zona giorno con angolo cottura e divano e giardino." />
<meta name="robots" content="index, follow, max-snippet:-1, max-image-preview:large, max-video-preview:-1" />
<link rel="canonical" href="https://www.insardinia.ch/it/property/sant-antioco-appartamento-in-centro/" />
<meta property="og:locale" content="it_IT" />
<meta property="og:type" content="article" />
<meta property="og:title" content="Sant&#039; Antioco: Appartamento in centro - InSardinia" />
<meta property="og:description" content="Sant&#039; Antioco:Appartamento con terrazzo composto da:1 camera da letto, 1sala da bagno ,zona giorno con angolo cottura e divano e giardino." />
<meta property="og:url" content="https://www.insardinia.ch/it/property/sant-antioco-appartamento-in-centro/" />
<meta property="og:site_name" content="InSardinia" />
<meta property="article:modified_time" content="2019-10-09T18:27:17+00:00" />
<meta property="og:image" content="https://www.insardinia.ch/vendita/wp-content/uploads/2019/03/Villa-Marinestyle2-Calasetta-Sardinia-03.jpg" />
	<meta property="og:image:width" content="1500" />
	<meta property="og:image:height" content="1125" />
	<meta property="og:image:type" content="image/jpeg" />
<meta name="twitter:card" content="summary_large_image" />
<meta name="twitter:label1" content="Tempo di lettura stimato" />
	<meta name="twitter:data1" content="3 minuti" />
<script type="application/ld+json" class="yoast-schema-graph">{"@context":"https://schema.org","@graph":[{"@type":"WebPage","@id":"https://www.insardinia.ch/it/property/sant-antioco-appartamento-in-centro/","url":"https://www.insardinia.ch/it/property/sant-antioco-appartamento-in-centro/","name":"Sant' Antioco: Appartamento in centro - InSardinia","isPartOf":{"@id":"https://www.insardinia.ch/en/#website"},"datePublished":"2019-03-18T10:36:32+00:00","dateModified":"2019-10-09T18:27:17+00:00","description":"Sant' Antioco:Appartamento con terrazzo composto da:1 camera da letto, 1sala da bagno ,zona giorno con angolo cottura e divano e giardino.","breadcrumb":{"@id":"https://www.insardinia.ch/it/property/sant-antioco-appartamento-in-centro/#breadcrumb"},"inLanguage":"it-IT","potentialAction":[{"@type":"ReadAction","target":["https://www.insardinia.ch/it/property/sant-antioco-appartamento-in-centro/"]}]},{"@type":"BreadcrumbList","@id":"https://www.insardinia.ch/it/property/sant-antioco-appartamento-in-centro/#breadcrumb","itemListElement":[{"@type":"ListItem","position":1,"name":"Home","item":"https://www.insardinia.ch/it/"},{"@type":"ListItem","position":2,"name":"Proprietà","item":"https://www.insardinia.ch/it/property/"},{"@type":"ListItem","position":3,"name":"Sant&#8217; Antioco: Appartamento in centro"}]},{"@type":"WebSite","@id":"https://www.insardinia.ch/en/#website","url":"https://www.insardinia.ch/en/","name":"InSardinia","description":"","potentialAction":[{"@type":"SearchAction","target":{"@type":"EntryPoint","urlTemplate":"https://www.insardinia.ch/en/?s={search_term_string}"},"query-input":"required name=search_term_string"}],"inLanguage":"it-IT"}]}</script>
<!-- / Yoast SEO plugin. -->

Proprietà
