{"id":15906,"date":"2019-03-18T11:04:45","date_gmt":"2019-03-18T10:04:45","guid":{"rendered":"https:\/\/www.insardinia.ch\/?post_type=property&#038;p=15906"},"modified":"2019-10-09T20:27:18","modified_gmt":"2019-10-09T18:27:18","slug":"sant-antioco-appartamento-con-terrazza-panoramica","status":"publish","type":"property","link":"https:\/\/www.insardinia.ch\/it\/property\/sant-antioco-appartamento-con-terrazza-panoramica\/","title":{"rendered":"Sant&#8217; Antioco: Appartamento con terrazza panoramica"},"content":{"rendered":"<h2><strong><span lang=\"IT\">Appartamento con veranda sullo splendido lungomare di Sant\u2019Antioco<\/span><\/strong><\/h2>\n<p><span lang=\"IT\">Una soluzione ottimale ed unica nel suo genere per diversi aspetti. Grande appartamento posto al secondo piano mansardato di un nuovo edificio. La grande veranda domina il lungomare che permette di ammirare la laguna di Sant\u2019Antioco con il suo splendido lungomare. E\u2019 composto da un salone d\u2019ingresso climatizzato, una cucina completamente attrezzata in stile rustico, due bagni, di cui uno con doccia e l\u2019altro con vasca da bagno. Tre camere matrimoniali anch\u2019esse climatizzate, in una di queste c\u2019\u00e8 anche il bagno in camera, ed un\u2019altra con il terzo letto.<\/span><\/p>\n<p><span lang=\"IT\">L\u2019appartamento misura 120 mq e arriva ad ospitare comodamente 7 persone.<\/span><\/p>\n<p><span lang=\"IT\">Siamo nel comune di Sant\u2019Antioco in Piazza Ferralasco con tutte le comodit\u00e0 di cui dispone un incantevole centro abitato turistico.<\/span><\/p>\n<h2><strong><span lang=\"IT\">Una vacanza che non si fa mancare nulla<\/span><\/strong><\/h2>\n<p><span lang=\"IT\">Questa soluzione si caratterizza per l\u2019estrema comodit\u00e0 della sua posizione, ma anche per la completezza dei servizi. Nel grazioso appartamento non manca il wi-fi, la tv, la lavatrice, il forno a microonde, gli arredi per esterni per godersi la magnifica vista sul mare di Sant\u2019Antioco, c\u2019\u00e8 tutto ci\u00f2 che serve ad una o pi\u00f9 famiglie, per passare una vacanza ideale.<\/span><\/p>\n<p><span lang=\"IT\">Quando si sceglie questa parte della Sardegna, il Sulcis, non ci si pu\u00f2 limitare a visitare un\u2019unica spiaggia. Quella pi\u00f9 vicina \u00e8 Maladroxia che dista 7 km, nei dintorni c\u2019\u00e8 una variet\u00e0 di meravigliose insenature e spiagge famose per l\u2019acqua cristallina e la sabbia finissima e bianca, ne sono un esempio Co&#8217;quaddus, Cala Sapone, Turri, Calalunga, ed una serie pressoch\u00e9 illimitata di piccole scogliere e piscine naturali che spuntano lungo tutto il litorale. Senza dimenticare che l\u2019appartamento \u00e8 proprio di fronte ad un porticciolo turistico, molto pratico per i collegamenti.<\/span><\/p>\n<h2><strong><span lang=\"IT\">Ideale per godersi il relax del mare e passare delle serata divertenti<\/span><\/strong><\/h2>\n<p><span lang=\"IT\">Gli amanti del mare possono stare tranquilli, non c\u2019\u00e8 che l\u2019imbarazzo della scelta. Coloro che prediligono gli sport acquatici hanno a disposizione diverse possibilit\u00e0. Il kitesurf ed il windsurf sono molto praticati, come pure il diving, lo snorkeling e la vela.<\/span><\/p>\n<p><span lang=\"IT\">Le gite che si possono realizzare comprendono le piccole e meravigliose isolette vicine raggiungibili tramite i pratici traghetti, in pochi minuti, oppure si pu\u00f2 optare per la pescaturismo in cui il pescato viene assaporato direttamente sul peschereccio.<\/span><\/p>\n<p><span lang=\"IT\">Per gli amanti del running non si pongono problemi, il lungomare \u00e8 perfetto. In genere per gli sport su terraferma ci sono diverse soluzioni praticabili, come ad esempio si pu\u00f2 organizzare un giro con i quad per scoprire la bellezza dell\u2019entroterra. I pi\u00f9 esigenti possono scegliere di fare equitazione.<\/span><\/p>\n<p><span lang=\"IT\">La sera Sant\u2019Antioco si rivela per la sua vocazione turistica e per la sua naturale bellezza architettonica. Un giro tra le viuzze, in compagnia e alla scoperta dei numerosi locali, per cenare o bere un drink.<\/span><\/p>\n<p><span lang=\"IT\">L\u2019appartamento \u00e8 grande e ben fornito di tutto, c\u2019\u00e8 anche lo spazio per il piccolo cagnolino o un gatto da portarsi al seguito, anche loro possono passare e godesi la vacanza ideale insieme a tutta la famiglia.<\/span><\/p>\n<p><span lang=\"IT\">\u00a0<\/span><\/p>\n","protected":false},"excerpt":{"rendered":"<p>Appartamento con veranda sullo splendido lungomare di Sant\u2019Antioco Una soluzione ottimale ed unica nel suo genere per diversi aspetti. Grande appartamento posto al secondo piano mansardato di un nuovo edificio. La grande veranda domina il lungomare che permette di ammirare la laguna di Sant\u2019Antioco con il suo splendido lungomare. E\u2019 composto da un salone d\u2019ingresso [&hellip;]<\/p>\n","protected":false},"author":2,"featured_media":15907,"parent":0,"menu_order":0,"template":"","property_type":[43],"property_status":[382],"property_feature":[400,385,395,403,389,564,75,78],"property_label":[655],"property_city":[596],"property_area":[],"property_state":[805],"yoast_head":"<!-- This site is optimized with the Yoast SEO plugin v21.3 - https:\/\/yoast.com\/wordpress\/plugins\/seo\/ -->\n<title>Sant&#039; Antioco: Appartamento con terrazza panoramica - InSardinia<\/title>\n<meta name=\"description\" content=\"Sant&#039; Antioco Sud Sardegna: appartamento con veranda Completo di tutto,una ampia terrazza con vista panoramica unica nel suo genere.\" \/>\n<meta name=\"robots\" content=\"index, follow, max-snippet:-1, max-image-preview:large, max-video-preview:-1\" \/>\n<link rel=\"canonical\" href=\"https:\/\/www.insardinia.ch\/it\/property\/sant-antioco-appartamento-con-terrazza-panoramica\/\" \/>\n<meta property=\"og:locale\" content=\"it_IT\" \/>\n<meta property=\"og:type\" content=\"article\" \/>\n<meta property=\"og:title\" content=\"Sant&#039; Antioco: Appartamento con terrazza panoramica - InSardinia\" \/>\n<meta property=\"og:description\" content=\"Sant&#039; Antioco Sud Sardegna: appartamento con veranda Completo di tutto,una ampia terrazza con vista panoramica unica nel suo genere.\" \/>\n<meta property=\"og:url\" content=\"https:\/\/www.insardinia.ch\/it\/property\/sant-antioco-appartamento-con-terrazza-panoramica\/\" \/>\n<meta property=\"og:site_name\" content=\"InSardinia\" \/>\n<meta property=\"article:modified_time\" content=\"2019-10-09T18:27:18+00:00\" \/>\n<meta property=\"og:image\" content=\"https:\/\/www.insardinia.ch\/vendita\/wp-content\/uploads\/2019\/03\/House-Center-Sant-Antioco-Sardinia-29.jpg\" \/>\n\t<meta property=\"og:image:width\" content=\"1500\" \/>\n\t<meta property=\"og:image:height\" content=\"998\" \/>\n\t<meta property=\"og:image:type\" content=\"image\/jpeg\" \/>\n<meta name=\"twitter:card\" content=\"summary_large_image\" \/>\n<meta name=\"twitter:label1\" content=\"Tempo di lettura stimato\" \/>\n\t<meta name=\"twitter:data1\" content=\"3 minuti\" \/>\n<script type=\"application\/ld+json\" class=\"yoast-schema-graph\">{\"@context\":\"https:\/\/schema.org\",\"@graph\":[{\"@type\":\"WebPage\",\"@id\":\"https:\/\/www.insardinia.ch\/it\/property\/sant-antioco-appartamento-con-terrazza-panoramica\/\",\"url\":\"https:\/\/www.insardinia.ch\/it\/property\/sant-antioco-appartamento-con-terrazza-panoramica\/\",\"name\":\"Sant' Antioco: Appartamento con terrazza panoramica - InSardinia\",\"isPartOf\":{\"@id\":\"https:\/\/www.insardinia.ch\/en\/#website\"},\"datePublished\":\"2019-03-18T10:04:45+00:00\",\"dateModified\":\"2019-10-09T18:27:18+00:00\",\"description\":\"Sant' Antioco Sud Sardegna: appartamento con veranda Completo di tutto,una ampia terrazza con vista panoramica unica nel suo genere.\",\"breadcrumb\":{\"@id\":\"https:\/\/www.insardinia.ch\/it\/property\/sant-antioco-appartamento-con-terrazza-panoramica\/#breadcrumb\"},\"inLanguage\":\"it-IT\",\"potentialAction\":[{\"@type\":\"ReadAction\",\"target\":[\"https:\/\/www.insardinia.ch\/it\/property\/sant-antioco-appartamento-con-terrazza-panoramica\/\"]}]},{\"@type\":\"BreadcrumbList\",\"@id\":\"https:\/\/www.insardinia.ch\/it\/property\/sant-antioco-appartamento-con-terrazza-panoramica\/#breadcrumb\",\"itemListElement\":[{\"@type\":\"ListItem\",\"position\":1,\"name\":\"Home\",\"item\":\"https:\/\/www.insardinia.ch\/it\/\"},{\"@type\":\"ListItem\",\"position\":2,\"name\":\"Propriet\u00e0\",\"item\":\"https:\/\/www.insardinia.ch\/it\/property\/\"},{\"@type\":\"ListItem\",\"position\":3,\"name\":\"Sant&#8217; Antioco: Appartamento con terrazza panoramica\"}]},{\"@type\":\"WebSite\",\"@id\":\"https:\/\/www.insardinia.ch\/en\/#website\",\"url\":\"https:\/\/www.insardinia.ch\/en\/\",\"name\":\"InSardinia\",\"description\":\"\",\"potentialAction\":[{\"@type\":\"SearchAction\",\"target\":{\"@type\":\"EntryPoint\",\"urlTemplate\":\"https:\/\/www.insardinia.ch\/en\/?s={search_term_string}\"},\"query-input\":\"required name=search_term_string\"}],\"inLanguage\":\"it-IT\"}]}<\/script>\n<!-- \/ Yoast SEO plugin. -->","yoast_head_json":{"title":"Sant' Antioco: Appartamento con terrazza panoramica - InSardinia","description":"Sant' Antioco Sud Sardegna: appartamento con veranda Completo di tutto,una ampia terrazza con vista panoramica unica nel suo genere.","robots":{"index":"index","follow":"follow","max-snippet":"max-snippet:-1","max-image-preview":"max-image-preview:large","max-video-preview":"max-video-preview:-1"},"canonical":"https:\/\/www.insardinia.ch\/it\/property\/sant-antioco-appartamento-con-terrazza-panoramica\/","og_locale":"it_IT","og_type":"article","og_title":"Sant' Antioco: Appartamento con terrazza panoramica - InSardinia","og_description":"Sant' Antioco Sud Sardegna: appartamento con veranda Completo di tutto,una ampia terrazza con vista panoramica unica nel suo genere.","og_url":"https:\/\/www.insardinia.ch\/it\/property\/sant-antioco-appartamento-con-terrazza-panoramica\/","og_site_name":"InSardinia","article_modified_time":"2019-10-09T18:27:18+00:00","og_image":[{"width":1500,"height":998,"url":"https:\/\/www.insardinia.ch\/vendita\/wp-content\/uploads\/2019\/03\/House-Center-Sant-Antioco-Sardinia-29.jpg","type":"image\/jpeg"}],"twitter_card":"summary_large_image","twitter_misc":{"Tempo di lettura stimato":"3 minuti"},"schema":{"@context":"https:\/\/schema.org","@graph":[{"@type":"WebPage","@id":"https:\/\/www.insardinia.ch\/it\/property\/sant-antioco-appartamento-con-terrazza-panoramica\/","url":"https:\/\/www.insardinia.ch\/it\/property\/sant-antioco-appartamento-con-terrazza-panoramica\/","name":"Sant' Antioco: Appartamento con terrazza panoramica - InSardinia","isPartOf":{"@id":"https:\/\/www.insardinia.ch\/en\/#website"},"datePublished":"2019-03-18T10:04:45+00:00","dateModified":"2019-10-09T18:27:18+00:00","description":"Sant' Antioco Sud Sardegna: appartamento con veranda Completo di tutto,una ampia terrazza con vista panoramica unica nel suo genere.","breadcrumb":{"@id":"https:\/\/www.insardinia.ch\/it\/property\/sant-antioco-appartamento-con-terrazza-panoramica\/#breadcrumb"},"inLanguage":"it-IT","potentialAction":[{"@type":"ReadAction","target":["https:\/\/www.insardinia.ch\/it\/property\/sant-antioco-appartamento-con-terrazza-panoramica\/"]}]},{"@type":"BreadcrumbList","@id":"https:\/\/www.insardinia.ch\/it\/property\/sant-antioco-appartamento-con-terrazza-panoramica\/#breadcrumb","itemListElement":[{"@type":"ListItem","position":1,"name":"Home","item":"https:\/\/www.insardinia.ch\/it\/"},{"@type":"ListItem","position":2,"name":"Propriet\u00e0","item":"https:\/\/www.insardinia.ch\/it\/property\/"},{"@type":"ListItem","position":3,"name":"Sant&#8217; Antioco: Appartamento con terrazza panoramica"}]},{"@type":"WebSite","@id":"https:\/\/www.insardinia.ch\/en\/#website","url":"https:\/\/www.insardinia.ch\/en\/","name":"InSardinia","description":"","potentialAction":[{"@type":"SearchAction","target":{"@type":"EntryPoint","urlTemplate":"https:\/\/www.insardinia.ch\/en\/?s={search_term_string}"},"query-input":"required name=search_term_string"}],"inLanguage":"it-IT"}]}},"_links":{"self":[{"href":"https:\/\/www.insardinia.ch\/it\/wp-json\/wp\/v2\/properties\/15906"}],"collection":[{"href":"https:\/\/www.insardinia.ch\/it\/wp-json\/wp\/v2\/properties"}],"about":[{"href":"https:\/\/www.insardinia.ch\/it\/wp-json\/wp\/v2\/types\/property"}],"author":[{"embeddable":true,"href":"https:\/\/www.insardinia.ch\/it\/wp-json\/wp\/v2\/users\/2"}],"version-history":[{"count":0,"href":"https:\/\/www.insardinia.ch\/it\/wp-json\/wp\/v2\/properties\/15906\/revisions"}],"wp:featuredmedia":[{"embeddable":true,"href":"https:\/\/www.insardinia.ch\/it\/wp-json\/wp\/v2\/media\/15907"}],"wp:attachment":[{"href":"https:\/\/www.insardinia.ch\/it\/wp-json\/wp\/v2\/media?parent=15906"}],"wp:term":[{"taxonomy":"property_type","embeddable":true,"href":"https:\/\/www.insardinia.ch\/it\/wp-json\/wp\/v2\/property_type?post=15906"},{"taxonomy":"property_status","embeddable":true,"href":"https:\/\/www.insardinia.ch\/it\/wp-json\/wp\/v2\/property_status?post=15906"},{"taxonomy":"property_feature","embeddable":true,"href":"https:\/\/www.insardinia.ch\/it\/wp-json\/wp\/v2\/property_feature?post=15906"},{"taxonomy":"property_label","embeddable":true,"href":"https:\/\/www.insardinia.ch\/it\/wp-json\/wp\/v2\/property_label?post=15906"},{"taxonomy":"property_city","embeddable":true,"href":"https:\/\/www.insardinia.ch\/it\/wp-json\/wp\/v2\/property_city?post=15906"},{"taxonomy":"property_area","embeddable":true,"href":"https:\/\/www.insardinia.ch\/it\/wp-json\/wp\/v2\/property_area?post=15906"},{"taxonomy":"property_state","embeddable":true,"href":"https:\/\/www.insardinia.ch\/it\/wp-json\/wp\/v2\/property_state?post=15906"}],"curies":[{"name":"wp","href":"https:\/\/api.w.org\/{rel}","templated":true}]}}

<h2><strong><span lang="IT">Appartamento con veranda sullo splendido lungomare di Sant’Antioco</span></strong></h2>
<p><span lang="IT">Una soluzione ottimale ed unica nel suo genere per diversi aspetti. Grande appartamento posto al secondo piano mansardato di un nuovo edificio. La grande veranda domina il lungomare che permette di ammirare la laguna di Sant’Antioco con il suo splendido lungomare. E’ composto da un salone d’ingresso climatizzato, una cucina completamente attrezzata in stile rustico, due bagni, di cui uno con doccia e l’altro con vasca da bagno. Tre camere matrimoniali anch’esse climatizzate, in una di queste c’è anche il bagno in camera, ed un’altra con il terzo letto.</span></p>
<p><span lang="IT">L’appartamento misura 120 mq e arriva ad ospitare comodamente 7 persone.</span></p>
<p><span lang="IT">Siamo nel comune di Sant’Antioco in Piazza Ferralasco con tutte le comodità di cui dispone un incantevole centro abitato turistico.</span></p>
<h2><strong><span lang="IT">Una vacanza che non si fa mancare nulla</span></strong></h2>
<p><span lang="IT">Questa soluzione si caratterizza per l’estrema comodità della sua posizione, ma anche per la completezza dei servizi. Nel grazioso appartamento non manca il wi-fi, la tv, la lavatrice, il forno a microonde, gli arredi per esterni per godersi la magnifica vista sul mare di Sant’Antioco, c’è tutto ciò che serve ad una o più famiglie, per passare una vacanza ideale.</span></p>
<p><span lang="IT">Quando si sceglie questa parte della Sardegna, il Sulcis, non ci si può limitare a visitare un’unica spiaggia. Quella più vicina è Maladroxia che dista 7 km, nei dintorni c’è una varietà di meravigliose insenature e spiagge famose per l’acqua cristallina e la sabbia finissima e bianca, ne sono un esempio Co&#8217;quaddus, Cala Sapone, Turri, Calalunga, ed una serie pressoché illimitata di piccole scogliere e piscine naturali che spuntano lungo tutto il litorale. Senza dimenticare che l’appartamento è proprio di fronte ad un porticciolo turistico, molto pratico per i collegamenti.</span></p>
<h2><strong><span lang="IT">Ideale per godersi il relax del mare e passare delle serata divertenti</span></strong></h2>
<p><span lang="IT">Gli amanti del mare possono stare tranquilli, non c’è che l’imbarazzo della scelta. Coloro che prediligono gli sport acquatici hanno a disposizione diverse possibilità. Il kitesurf ed il windsurf sono molto praticati, come pure il diving, lo snorkeling e la vela.</span></p>
<p><span lang="IT">Le gite che si possono realizzare comprendono le piccole e meravigliose isolette vicine raggiungibili tramite i pratici traghetti, in pochi minuti, oppure si può optare per la pescaturismo in cui il pescato viene assaporato direttamente sul peschereccio.</span></p>
<p><span lang="IT">Per gli amanti del running non si pongono problemi, il lungomare è perfetto. In genere per gli sport su terraferma ci sono diverse soluzioni praticabili, come ad esempio si può organizzare un giro con i quad per scoprire la bellezza dell’entroterra. I più esigenti possono scegliere di fare equitazione.</span></p>
<p><span lang="IT">La sera Sant’Antioco si rivela per la sua vocazione turistica e per la sua naturale bellezza architettonica. Un giro tra le viuzze, in compagnia e alla scoperta dei numerosi locali, per cenare o bere un drink.</span></p>
<p><span lang="IT">L’appartamento è grande e ben fornito di tutto, c’è anche lo spazio per il piccolo cagnolino o un gatto da portarsi al seguito, anche loro possono passare e godesi la vacanza ideale insieme a tutta la famiglia.</span></p>
<p><span lang="IT"> </span></p>

<!-- This site is optimized with the Yoast SEO plugin v21.3 - https://yoast.com/wordpress/plugins/seo/ -->
<title>Sant&#039; Antioco: Appartamento con terrazza panoramica - InSardinia</title>
<meta name="description" content="Sant&#039; Antioco Sud Sardegna: appartamento con veranda Completo di tutto,una ampia terrazza con vista panoramica unica nel suo genere." />
<meta name="robots" content="index, follow, max-snippet:-1, max-image-preview:large, max-video-preview:-1" />
<link rel="canonical" href="https://www.insardinia.ch/it/property/sant-antioco-appartamento-con-terrazza-panoramica/" />
<meta property="og:locale" content="it_IT" />
<meta property="og:type" content="article" />
<meta property="og:title" content="Sant&#039; Antioco: Appartamento con terrazza panoramica - InSardinia" />
<meta property="og:description" content="Sant&#039; Antioco Sud Sardegna: appartamento con veranda Completo di tutto,una ampia terrazza con vista panoramica unica nel suo genere." />
<meta property="og:url" content="https://www.insardinia.ch/it/property/sant-antioco-appartamento-con-terrazza-panoramica/" />
<meta property="og:site_name" content="InSardinia" />
<meta property="article:modified_time" content="2019-10-09T18:27:18+00:00" />
<meta property="og:image" content="https://www.insardinia.ch/vendita/wp-content/uploads/2019/03/House-Center-Sant-Antioco-Sardinia-29.jpg" />
	<meta property="og:image:width" content="1500" />
	<meta property="og:image:height" content="998" />
	<meta property="og:image:type" content="image/jpeg" />
<meta name="twitter:card" content="summary_large_image" />
<meta name="twitter:label1" content="Tempo di lettura stimato" />
	<meta name="twitter:data1" content="3 minuti" />
<script type="application/ld+json" class="yoast-schema-graph">{"@context":"https://schema.org","@graph":[{"@type":"WebPage","@id":"https://www.insardinia.ch/it/property/sant-antioco-appartamento-con-terrazza-panoramica/","url":"https://www.insardinia.ch/it/property/sant-antioco-appartamento-con-terrazza-panoramica/","name":"Sant' Antioco: Appartamento con terrazza panoramica - InSardinia","isPartOf":{"@id":"https://www.insardinia.ch/en/#website"},"datePublished":"2019-03-18T10:04:45+00:00","dateModified":"2019-10-09T18:27:18+00:00","description":"Sant' Antioco Sud Sardegna: appartamento con veranda Completo di tutto,una ampia terrazza con vista panoramica unica nel suo genere.","breadcrumb":{"@id":"https://www.insardinia.ch/it/property/sant-antioco-appartamento-con-terrazza-panoramica/#breadcrumb"},"inLanguage":"it-IT","potentialAction":[{"@type":"ReadAction","target":["https://www.insardinia.ch/it/property/sant-antioco-appartamento-con-terrazza-panoramica/"]}]},{"@type":"BreadcrumbList","@id":"https://www.insardinia.ch/it/property/sant-antioco-appartamento-con-terrazza-panoramica/#breadcrumb","itemListElement":[{"@type":"ListItem","position":1,"name":"Home","item":"https://www.insardinia.ch/it/"},{"@type":"ListItem","position":2,"name":"Proprietà","item":"https://www.insardinia.ch/it/property/"},{"@type":"ListItem","position":3,"name":"Sant&#8217; Antioco: Appartamento con terrazza panoramica"}]},{"@type":"WebSite","@id":"https://www.insardinia.ch/en/#website","url":"https://www.insardinia.ch/en/","name":"InSardinia","description":"","potentialAction":[{"@type":"SearchAction","target":{"@type":"EntryPoint","urlTemplate":"https://www.insardinia.ch/en/?s={search_term_string}"},"query-input":"required name=search_term_string"}],"inLanguage":"it-IT"}]}</script>
<!-- / Yoast SEO plugin. -->

Proprietà
