{"id":15002,"date":"2019-03-15T13:25:39","date_gmt":"2019-03-15T12:25:39","guid":{"rendered":"https:\/\/www.insardinia.ch\/?post_type=property&#038;p=15002"},"modified":"2019-10-09T20:27:24","modified_gmt":"2019-10-09T18:27:24","slug":"calasetta-attico-vista-mare","status":"publish","type":"property","link":"https:\/\/www.insardinia.ch\/it\/property\/calasetta-attico-vista-mare\/","title":{"rendered":"Calasetta: Attico vista mare"},"content":{"rendered":"<h2>Bellissimo attico con spettacolare vista mare, in villa a soli 50 m dalla Spiaggia di Sotto Torre<\/h2>\n<p>L\u2019appartamento gode di una posizione invidiabile per il suggestivo panorama e la vicinanza al mare, tutto ci\u00f2 lo si gode da una veranda coperta molto ampia e completamente rivolta al mare.<\/p>\n<p>In totale l\u2019appartamento misura 80 mq, con due camere dal letto, un bagno grande, un bel soggiorno con penisola dedicata alla cucina.<\/p>\n<p>Pi\u00f9 nello specifico, la veranda dispone di un tavolo per esterni con 6 sedie, un simpatico e comodo pouf permette di rilassarsi godendo del paesaggio, sempre in veranda \u00e8 stato posizionato un pratico lavandino.<\/p>\n<p>Il soggiorno gode della presenza di ampie vetrate che lo collegano alla veranda, spicca l\u2019area del cucinotto, ben ideata e perfettamente integrata nell\u2019ambiente. Il salotto \u00e8 ampio e accogliente per merito di un grande divano fornito di supporto per la testa, arriva ad accogliere comodamente 5 persone.<\/p>\n<p>Nello stesso ambiente ma in posizione riservata c\u2019\u00e8 la zona pranzo con una tavolo e sei sedie.<\/p>\n<p>Tutto l\u2019attico \u00e8 ben illuminato poich\u00e9 \u00e8 contornato da porte finestre che permettono l\u2019accesso al balcone ed alla veranda.<\/p>\n<p>La camera da letto matrimoniale dispone di un grande armadio laterale a tre doppie ante. Dal balcone di pertinenza si ammira la spiaggia, questa camera come il salotto \u00e8 dotata di TV. L\u2019altra camera da letto ha un letto a castello in legno.<\/p>\n<p>Il bagno \u00e8 elegante e con ampia doccia.<\/p>\n<p><strong>Appartamento ben rifinito e strutturato<\/strong><\/p>\n<p>Questa soluzione \u00e8 molto ben rifinita ed arredata con cura, lo stile \u00e8 piacevole e moderno, alcune soluzioni, come la veranda e la penisola della cucina stupiscono.<\/p>\n<p>Locali climatizzati e ben areati per mezzo di grandi superfici vetrate che servono tutti gli ambienti.<\/p>\n<p>L\u2019attico permette di vivere in modo indipendente la vita di mare potendo godere dell\u2019accesso alla spiaggia principale a pochi metri.<\/p>\n<p>Il punto forte \u00e8 senza dubbio la spettacolare vista del mare, e la possibilit\u00e0 di raggiungerlo in pochi secondi, la spiaggia \u00e8 proprio sotto l\u2019attico, l\u2019ideale per chi ama il contatto con il mare senza formalismi e spostamenti scomodi.<\/p>\n<p><strong>Posizione ottima non solo per lo scenario<\/strong><\/p>\n<p>La struttura fa parte di un abitato, per cui i principali servizi si trovano al massimo a 200 metri. Sempre a breve distanza vale la pena visitare le spiagge Le Saline e Spiaggia Grande. Il porticciolo turistico \u00e8 a 300 metri.<\/p>\n<p>Gli amanti e appassionati di sport possono sfruttare al massimo questa vacanza, praticando snorkeling, diving, windsurf, kitesurf, ma anche fare meravigliose gite in barca, c\u2019\u00e8 la pescaturismo per assaporare il mare direttamente dalla barca, il biking, riding, running ed altro ancora.<\/p>\n<p>Coloro invece che preferiscono godersi la spiaggia, ce l\u2019hanno sotto casa.<\/p>\n<p>Una famigliola di 4 persone \u00e8 adatta a questa soluzione confortevole e ben strutturata, nel periodo primaverile ed estivo il profumo del mare e la brezza del tardo pomeriggio sono indimenticabili, il mare \u00e8 cristallino e trasparente, mentre la sabbia \u00e8 fine e bianca.<\/p>\n<p>&nbsp;<\/p>\n","protected":false},"excerpt":{"rendered":"<p>Bellissimo attico con spettacolare vista mare, in villa a soli 50 m dalla Spiaggia di Sotto Torre L\u2019appartamento gode di una posizione invidiabile per il suggestivo panorama e la vicinanza al mare, tutto ci\u00f2 lo si gode da una veranda coperta molto ampia e completamente rivolta al mare. In totale l\u2019appartamento misura 80 mq, con [&hellip;]<\/p>\n","protected":false},"author":2,"featured_media":15003,"parent":0,"menu_order":0,"template":"","property_type":[43],"property_status":[382],"property_feature":[400,385,403,389,564,75,77,78],"property_label":[648],"property_city":[596],"property_area":[],"property_state":[809],"yoast_head":"<!-- This site is optimized with the Yoast SEO plugin v21.3 - https:\/\/yoast.com\/wordpress\/plugins\/seo\/ -->\n<title>Calasetta: Attico vista mare - InSardinia<\/title>\n<meta name=\"description\" content=\"Calasetta Sud Sardegna:Bellissimo attico con una vista meravigliosa del mare e della spiaggia a soli 50m. 2 camere da letto e splendida veranda.\" \/>\n<meta name=\"robots\" content=\"index, follow, max-snippet:-1, max-image-preview:large, max-video-preview:-1\" \/>\n<link rel=\"canonical\" href=\"https:\/\/www.insardinia.ch\/it\/property\/calasetta-attico-vista-mare\/\" \/>\n<meta property=\"og:locale\" content=\"it_IT\" \/>\n<meta property=\"og:type\" content=\"article\" \/>\n<meta property=\"og:title\" content=\"Calasetta: Attico vista mare - InSardinia\" \/>\n<meta property=\"og:description\" content=\"Calasetta Sud Sardegna:Bellissimo attico con una vista meravigliosa del mare e della spiaggia a soli 50m. 2 camere da letto e splendida veranda.\" \/>\n<meta property=\"og:url\" content=\"https:\/\/www.insardinia.ch\/it\/property\/calasetta-attico-vista-mare\/\" \/>\n<meta property=\"og:site_name\" content=\"InSardinia\" \/>\n<meta property=\"article:modified_time\" content=\"2019-10-09T18:27:24+00:00\" \/>\n<meta property=\"og:image\" content=\"https:\/\/www.insardinia.ch\/vendita\/wp-content\/uploads\/2019\/03\/Penthouse-Seaview-Calasetta-Sardinia-28.jpg\" \/>\n\t<meta property=\"og:image:width\" content=\"1500\" \/>\n\t<meta property=\"og:image:height\" content=\"1125\" \/>\n\t<meta property=\"og:image:type\" content=\"image\/jpeg\" \/>\n<meta name=\"twitter:card\" content=\"summary_large_image\" \/>\n<meta name=\"twitter:label1\" content=\"Tempo di lettura stimato\" \/>\n\t<meta name=\"twitter:data1\" content=\"2 minuti\" \/>\n<script type=\"application\/ld+json\" class=\"yoast-schema-graph\">{\"@context\":\"https:\/\/schema.org\",\"@graph\":[{\"@type\":\"WebPage\",\"@id\":\"https:\/\/www.insardinia.ch\/it\/property\/calasetta-attico-vista-mare\/\",\"url\":\"https:\/\/www.insardinia.ch\/it\/property\/calasetta-attico-vista-mare\/\",\"name\":\"Calasetta: Attico vista mare - InSardinia\",\"isPartOf\":{\"@id\":\"https:\/\/www.insardinia.ch\/en\/#website\"},\"datePublished\":\"2019-03-15T12:25:39+00:00\",\"dateModified\":\"2019-10-09T18:27:24+00:00\",\"description\":\"Calasetta Sud Sardegna:Bellissimo attico con una vista meravigliosa del mare e della spiaggia a soli 50m. 2 camere da letto e splendida veranda.\",\"breadcrumb\":{\"@id\":\"https:\/\/www.insardinia.ch\/it\/property\/calasetta-attico-vista-mare\/#breadcrumb\"},\"inLanguage\":\"it-IT\",\"potentialAction\":[{\"@type\":\"ReadAction\",\"target\":[\"https:\/\/www.insardinia.ch\/it\/property\/calasetta-attico-vista-mare\/\"]}]},{\"@type\":\"BreadcrumbList\",\"@id\":\"https:\/\/www.insardinia.ch\/it\/property\/calasetta-attico-vista-mare\/#breadcrumb\",\"itemListElement\":[{\"@type\":\"ListItem\",\"position\":1,\"name\":\"Home\",\"item\":\"https:\/\/www.insardinia.ch\/it\/\"},{\"@type\":\"ListItem\",\"position\":2,\"name\":\"Propriet\u00e0\",\"item\":\"https:\/\/www.insardinia.ch\/it\/property\/\"},{\"@type\":\"ListItem\",\"position\":3,\"name\":\"Calasetta: Attico vista mare\"}]},{\"@type\":\"WebSite\",\"@id\":\"https:\/\/www.insardinia.ch\/en\/#website\",\"url\":\"https:\/\/www.insardinia.ch\/en\/\",\"name\":\"InSardinia\",\"description\":\"\",\"potentialAction\":[{\"@type\":\"SearchAction\",\"target\":{\"@type\":\"EntryPoint\",\"urlTemplate\":\"https:\/\/www.insardinia.ch\/en\/?s={search_term_string}\"},\"query-input\":\"required name=search_term_string\"}],\"inLanguage\":\"it-IT\"}]}<\/script>\n<!-- \/ Yoast SEO plugin. -->","yoast_head_json":{"title":"Calasetta: Attico vista mare - InSardinia","description":"Calasetta Sud Sardegna:Bellissimo attico con una vista meravigliosa del mare e della spiaggia a soli 50m. 2 camere da letto e splendida veranda.","robots":{"index":"index","follow":"follow","max-snippet":"max-snippet:-1","max-image-preview":"max-image-preview:large","max-video-preview":"max-video-preview:-1"},"canonical":"https:\/\/www.insardinia.ch\/it\/property\/calasetta-attico-vista-mare\/","og_locale":"it_IT","og_type":"article","og_title":"Calasetta: Attico vista mare - InSardinia","og_description":"Calasetta Sud Sardegna:Bellissimo attico con una vista meravigliosa del mare e della spiaggia a soli 50m. 2 camere da letto e splendida veranda.","og_url":"https:\/\/www.insardinia.ch\/it\/property\/calasetta-attico-vista-mare\/","og_site_name":"InSardinia","article_modified_time":"2019-10-09T18:27:24+00:00","og_image":[{"width":1500,"height":1125,"url":"https:\/\/www.insardinia.ch\/vendita\/wp-content\/uploads\/2019\/03\/Penthouse-Seaview-Calasetta-Sardinia-28.jpg","type":"image\/jpeg"}],"twitter_card":"summary_large_image","twitter_misc":{"Tempo di lettura stimato":"2 minuti"},"schema":{"@context":"https:\/\/schema.org","@graph":[{"@type":"WebPage","@id":"https:\/\/www.insardinia.ch\/it\/property\/calasetta-attico-vista-mare\/","url":"https:\/\/www.insardinia.ch\/it\/property\/calasetta-attico-vista-mare\/","name":"Calasetta: Attico vista mare - InSardinia","isPartOf":{"@id":"https:\/\/www.insardinia.ch\/en\/#website"},"datePublished":"2019-03-15T12:25:39+00:00","dateModified":"2019-10-09T18:27:24+00:00","description":"Calasetta Sud Sardegna:Bellissimo attico con una vista meravigliosa del mare e della spiaggia a soli 50m. 2 camere da letto e splendida veranda.","breadcrumb":{"@id":"https:\/\/www.insardinia.ch\/it\/property\/calasetta-attico-vista-mare\/#breadcrumb"},"inLanguage":"it-IT","potentialAction":[{"@type":"ReadAction","target":["https:\/\/www.insardinia.ch\/it\/property\/calasetta-attico-vista-mare\/"]}]},{"@type":"BreadcrumbList","@id":"https:\/\/www.insardinia.ch\/it\/property\/calasetta-attico-vista-mare\/#breadcrumb","itemListElement":[{"@type":"ListItem","position":1,"name":"Home","item":"https:\/\/www.insardinia.ch\/it\/"},{"@type":"ListItem","position":2,"name":"Propriet\u00e0","item":"https:\/\/www.insardinia.ch\/it\/property\/"},{"@type":"ListItem","position":3,"name":"Calasetta: Attico vista mare"}]},{"@type":"WebSite","@id":"https:\/\/www.insardinia.ch\/en\/#website","url":"https:\/\/www.insardinia.ch\/en\/","name":"InSardinia","description":"","potentialAction":[{"@type":"SearchAction","target":{"@type":"EntryPoint","urlTemplate":"https:\/\/www.insardinia.ch\/en\/?s={search_term_string}"},"query-input":"required name=search_term_string"}],"inLanguage":"it-IT"}]}},"_links":{"self":[{"href":"https:\/\/www.insardinia.ch\/it\/wp-json\/wp\/v2\/properties\/15002"}],"collection":[{"href":"https:\/\/www.insardinia.ch\/it\/wp-json\/wp\/v2\/properties"}],"about":[{"href":"https:\/\/www.insardinia.ch\/it\/wp-json\/wp\/v2\/types\/property"}],"author":[{"embeddable":true,"href":"https:\/\/www.insardinia.ch\/it\/wp-json\/wp\/v2\/users\/2"}],"version-history":[{"count":0,"href":"https:\/\/www.insardinia.ch\/it\/wp-json\/wp\/v2\/properties\/15002\/revisions"}],"wp:featuredmedia":[{"embeddable":true,"href":"https:\/\/www.insardinia.ch\/it\/wp-json\/wp\/v2\/media\/15003"}],"wp:attachment":[{"href":"https:\/\/www.insardinia.ch\/it\/wp-json\/wp\/v2\/media?parent=15002"}],"wp:term":[{"taxonomy":"property_type","embeddable":true,"href":"https:\/\/www.insardinia.ch\/it\/wp-json\/wp\/v2\/property_type?post=15002"},{"taxonomy":"property_status","embeddable":true,"href":"https:\/\/www.insardinia.ch\/it\/wp-json\/wp\/v2\/property_status?post=15002"},{"taxonomy":"property_feature","embeddable":true,"href":"https:\/\/www.insardinia.ch\/it\/wp-json\/wp\/v2\/property_feature?post=15002"},{"taxonomy":"property_label","embeddable":true,"href":"https:\/\/www.insardinia.ch\/it\/wp-json\/wp\/v2\/property_label?post=15002"},{"taxonomy":"property_city","embeddable":true,"href":"https:\/\/www.insardinia.ch\/it\/wp-json\/wp\/v2\/property_city?post=15002"},{"taxonomy":"property_area","embeddable":true,"href":"https:\/\/www.insardinia.ch\/it\/wp-json\/wp\/v2\/property_area?post=15002"},{"taxonomy":"property_state","embeddable":true,"href":"https:\/\/www.insardinia.ch\/it\/wp-json\/wp\/v2\/property_state?post=15002"}],"curies":[{"name":"wp","href":"https:\/\/api.w.org\/{rel}","templated":true}]}}

<h2>Bellissimo attico con spettacolare vista mare, in villa a soli 50 m dalla Spiaggia di Sotto Torre</h2>
<p>L’appartamento gode di una posizione invidiabile per il suggestivo panorama e la vicinanza al mare, tutto ciò lo si gode da una veranda coperta molto ampia e completamente rivolta al mare.</p>
<p>In totale l’appartamento misura 80 mq, con due camere dal letto, un bagno grande, un bel soggiorno con penisola dedicata alla cucina.</p>
<p>Più nello specifico, la veranda dispone di un tavolo per esterni con 6 sedie, un simpatico e comodo pouf permette di rilassarsi godendo del paesaggio, sempre in veranda è stato posizionato un pratico lavandino.</p>
<p>Il soggiorno gode della presenza di ampie vetrate che lo collegano alla veranda, spicca l’area del cucinotto, ben ideata e perfettamente integrata nell’ambiente. Il salotto è ampio e accogliente per merito di un grande divano fornito di supporto per la testa, arriva ad accogliere comodamente 5 persone.</p>
<p>Nello stesso ambiente ma in posizione riservata c’è la zona pranzo con una tavolo e sei sedie.</p>
<p>Tutto l’attico è ben illuminato poiché è contornato da porte finestre che permettono l’accesso al balcone ed alla veranda.</p>
<p>La camera da letto matrimoniale dispone di un grande armadio laterale a tre doppie ante. Dal balcone di pertinenza si ammira la spiaggia, questa camera come il salotto è dotata di TV. L’altra camera da letto ha un letto a castello in legno.</p>
<p>Il bagno è elegante e con ampia doccia.</p>
<p><strong>Appartamento ben rifinito e strutturato</strong></p>
<p>Questa soluzione è molto ben rifinita ed arredata con cura, lo stile è piacevole e moderno, alcune soluzioni, come la veranda e la penisola della cucina stupiscono.</p>
<p>Locali climatizzati e ben areati per mezzo di grandi superfici vetrate che servono tutti gli ambienti.</p>
<p>L’attico permette di vivere in modo indipendente la vita di mare potendo godere dell’accesso alla spiaggia principale a pochi metri.</p>
<p>Il punto forte è senza dubbio la spettacolare vista del mare, e la possibilità di raggiungerlo in pochi secondi, la spiaggia è proprio sotto l’attico, l’ideale per chi ama il contatto con il mare senza formalismi e spostamenti scomodi.</p>
<p><strong>Posizione ottima non solo per lo scenario</strong></p>
<p>La struttura fa parte di un abitato, per cui i principali servizi si trovano al massimo a 200 metri. Sempre a breve distanza vale la pena visitare le spiagge Le Saline e Spiaggia Grande. Il porticciolo turistico è a 300 metri.</p>
<p>Gli amanti e appassionati di sport possono sfruttare al massimo questa vacanza, praticando snorkeling, diving, windsurf, kitesurf, ma anche fare meravigliose gite in barca, c’è la pescaturismo per assaporare il mare direttamente dalla barca, il biking, riding, running ed altro ancora.</p>
<p>Coloro invece che preferiscono godersi la spiaggia, ce l’hanno sotto casa.</p>
<p>Una famigliola di 4 persone è adatta a questa soluzione confortevole e ben strutturata, nel periodo primaverile ed estivo il profumo del mare e la brezza del tardo pomeriggio sono indimenticabili, il mare è cristallino e trasparente, mentre la sabbia è fine e bianca.</p>
<p>&nbsp;</p>

<p>Bellissimo attico con spettacolare vista mare, in villa a soli 50 m dalla Spiaggia di Sotto Torre L’appartamento gode di una posizione invidiabile per il suggestivo panorama e la vicinanza al mare, tutto ciò lo si gode da una veranda coperta molto ampia e completamente rivolta al mare. In totale l’appartamento misura 80 mq, con [&hellip;]</p>

<!-- This site is optimized with the Yoast SEO plugin v21.3 - https://yoast.com/wordpress/plugins/seo/ -->
<title>Calasetta: Attico vista mare - InSardinia</title>
<meta name="description" content="Calasetta Sud Sardegna:Bellissimo attico con una vista meravigliosa del mare e della spiaggia a soli 50m. 2 camere da letto e splendida veranda." />
<meta name="robots" content="index, follow, max-snippet:-1, max-image-preview:large, max-video-preview:-1" />
<link rel="canonical" href="https://www.insardinia.ch/it/property/calasetta-attico-vista-mare/" />
<meta property="og:locale" content="it_IT" />
<meta property="og:type" content="article" />
<meta property="og:title" content="Calasetta: Attico vista mare - InSardinia" />
<meta property="og:description" content="Calasetta Sud Sardegna:Bellissimo attico con una vista meravigliosa del mare e della spiaggia a soli 50m. 2 camere da letto e splendida veranda." />
<meta property="og:url" content="https://www.insardinia.ch/it/property/calasetta-attico-vista-mare/" />
<meta property="og:site_name" content="InSardinia" />
<meta property="article:modified_time" content="2019-10-09T18:27:24+00:00" />
<meta property="og:image" content="https://www.insardinia.ch/vendita/wp-content/uploads/2019/03/Penthouse-Seaview-Calasetta-Sardinia-28.jpg" />
	<meta property="og:image:width" content="1500" />
	<meta property="og:image:height" content="1125" />
	<meta property="og:image:type" content="image/jpeg" />
<meta name="twitter:card" content="summary_large_image" />
<meta name="twitter:label1" content="Tempo di lettura stimato" />
	<meta name="twitter:data1" content="2 minuti" />
<script type="application/ld+json" class="yoast-schema-graph">{"@context":"https://schema.org","@graph":[{"@type":"WebPage","@id":"https://www.insardinia.ch/it/property/calasetta-attico-vista-mare/","url":"https://www.insardinia.ch/it/property/calasetta-attico-vista-mare/","name":"Calasetta: Attico vista mare - InSardinia","isPartOf":{"@id":"https://www.insardinia.ch/en/#website"},"datePublished":"2019-03-15T12:25:39+00:00","dateModified":"2019-10-09T18:27:24+00:00","description":"Calasetta Sud Sardegna:Bellissimo attico con una vista meravigliosa del mare e della spiaggia a soli 50m. 2 camere da letto e splendida veranda.","breadcrumb":{"@id":"https://www.insardinia.ch/it/property/calasetta-attico-vista-mare/#breadcrumb"},"inLanguage":"it-IT","potentialAction":[{"@type":"ReadAction","target":["https://www.insardinia.ch/it/property/calasetta-attico-vista-mare/"]}]},{"@type":"BreadcrumbList","@id":"https://www.insardinia.ch/it/property/calasetta-attico-vista-mare/#breadcrumb","itemListElement":[{"@type":"ListItem","position":1,"name":"Home","item":"https://www.insardinia.ch/it/"},{"@type":"ListItem","position":2,"name":"Proprietà","item":"https://www.insardinia.ch/it/property/"},{"@type":"ListItem","position":3,"name":"Calasetta: Attico vista mare"}]},{"@type":"WebSite","@id":"https://www.insardinia.ch/en/#website","url":"https://www.insardinia.ch/en/","name":"InSardinia","description":"","potentialAction":[{"@type":"SearchAction","target":{"@type":"EntryPoint","urlTemplate":"https://www.insardinia.ch/en/?s={search_term_string}"},"query-input":"required name=search_term_string"}],"inLanguage":"it-IT"}]}</script>
<!-- / Yoast SEO plugin. -->

Proprietà
