{"id":69490,"date":"2023-08-17T15:58:21","date_gmt":"2023-08-17T13:58:21","guid":{"rendered":"https:\/\/www.insardinia.ch\/property\/villa-face-a-la-plage\/"},"modified":"2023-08-17T16:45:48","modified_gmt":"2023-08-17T14:45:48","slug":"villa-face-a-la-plage","status":"publish","type":"property","link":"https:\/\/www.insardinia.ch\/en\/property\/villa-face-a-la-plage\/","title":{"rendered":"Villa face \u00e0 la plage"},"content":{"rendered":"<h1><strong>El\u00e9gante villa \u00e0 vendre en Costa Verde en premi\u00e8re ligne<\/strong><\/h1>\n<p>Si vous \u00eates \u00e0 la recherche d&#8217;un lieu exclusif et pr\u00e9serv\u00e9, loin des foules, avec des plages semi-d\u00e9sertes m\u00eame en haute saison et dans une position imbattable, alors vous \u00eates au bon endroit. Dans le sud-ouest de la Sardaigne, \u00e0 Marina di Arbus, nous proposons \u00e0 la vente une villa mitoyenne enti\u00e8rement r\u00e9nov\u00e9e dans un endroit magnifique, en premi\u00e8re ligne.<\/p>\n<p>La propri\u00e9t\u00e9 surplombe la baie de Marina di Arbus et offre une vue absolument unique sur le paysage environnant. Sa situation en bord de mer, \u00e0 seulement 50 m\u00e8tres de la plage, en fait une maison unique. La valeur ajout\u00e9e de ce coin de paradis r\u00e9side dans le fait que, suite au d\u00e9cret Soru de 2004, il n&#8217;est plus permis de construire des maisons \u00e0 proximit\u00e9 ou \u00e0 moins de 2 km de la c\u00f4te.<\/p>\n<p>La villa, qui est vendue enti\u00e8rement meubl\u00e9e, est en excellent \u00e9tat int\u00e9rieur et ext\u00e9rieur et comprend une grande v\u00e9randa couverte, un espace de vie avec une cuisine enti\u00e8rement \u00e9quip\u00e9e, trois chambres doubles, deux salles de bains, dont une avec une double douche et un double lavabo, un jardin, une buanderie, un barbecue et une douche ext\u00e9rieure.<\/p>\n<p>La nature luxuriante et la proximit\u00e9 de la plage font de cette splendide villa l&#8217;endroit id\u00e9al pour profiter de l&#8217;\u00e9merveillement de ces lieux authentiques et magiques.<\/p>\n<p>Cette magnifique maison est id\u00e9ale pour passer des vacances en Sardaigne en famille ou entre amis ou comme excellent investissement locatif, \u00e9tant donn\u00e9 le caract\u00e8re unique du lieu et la situation de la propri\u00e9t\u00e9.<\/p>\n<p>Prix n\u00e9gociable pour une r\u00e9alisation imm\u00e9diate<\/p>\n<p>Informations compl\u00e9mentaires :<\/p>\n<p>&#8211; Ann\u00e9e de r\u00e9novation 2021<br \/>\n&#8211; Chambres \u00e0 coucher : 3<br \/>\n&#8211; Salles de bain : 2<br \/>\n&#8211; Cuisines : 1<br \/>\n&#8211; Alimentation en eau avec Abbanoa<br \/>\n&#8211; R\u00e9servoir d&#8217;eau suppl\u00e9mentaire<br \/>\n&#8211; L&#8217;eau est potable<br \/>\n&#8211; Barbecue<br \/>\n&#8211; Pompes de refroidissement et de chauffage<br \/>\n&#8211; Climatisation<br \/>\n&#8211; Pas de travaux \u00e0 pr\u00e9voir<br \/>\n&#8211; Cour<br \/>\n&#8211; Douche ext\u00e9rieure<br \/>\n&#8211; Double vitrage<br \/>\n&#8211; Espace jardin<br \/>\n&#8211; Frais de copropri\u00e9t\u00e9\/consortium<br \/>\n&#8211; Syst\u00e8me d&#8217;irrigation<br \/>\n&#8211; Propri\u00e9t\u00e9 conforme \u00e0 tous les documents<br \/>\n&#8211; Terrasse\/veranda<br \/>\n&#8211; Le bien est vendu avec le mobilier<br \/>\n&#8211; Vue sur la mer\/premier rang<br \/>\n&#8211; La maison est comme neuve<br \/>\n&#8211; Chemin\u00e9e<br \/>\n&#8211; Indice de performance \u00e9nerg\u00e9tique : en cours<br \/>\n&#8211; Classe \u00e9nerg\u00e9tique : en cosrso<br \/>\n&#8211; Plage la plus proche et distance : Spiaggia sotto casa<br \/>\n&#8211; Distances des principaux services : 200 Mt March\u00e9 et restaurant<br \/>\n&#8211; A\u00e9roport le plus proche et distance : Cagliari 90 km<br \/>\n&#8211; Port le plus proche et distance : Cagliari 90 Km<\/p>\n<p>&nbsp;<\/p>\n","protected":false},"excerpt":{"rendered":"<p>El\u00e9gante villa \u00e0 vendre en Costa Verde en premi\u00e8re ligne Si vous \u00eates \u00e0 la recherche d&#8217;un lieu exclusif et pr\u00e9serv\u00e9, loin des foules, avec des plages semi-d\u00e9sertes m\u00eame en haute saison et dans une position imbattable, alors vous \u00eates au bon endroit. Dans le sud-ouest de la Sardaigne, \u00e0 Marina di Arbus, nous proposons [&hellip;]<\/p>\n","protected":false},"author":2,"featured_media":69385,"parent":0,"menu_order":0,"template":"","property_type":[1789],"property_status":[332],"property_feature":[],"property_label":[669],"property_city":[606],"property_area":[],"property_state":[934],"yoast_head":"<!-- This site is optimized with the Yoast SEO plugin v21.3 - https:\/\/yoast.com\/wordpress\/plugins\/seo\/ -->\n<title>Villa face \u00e0 la plage - InSardinia<\/title>\n<meta name=\"robots\" content=\"index, follow, max-snippet:-1, max-image-preview:large, max-video-preview:-1\" \/>\n<link rel=\"canonical\" href=\"https:\/\/www.insardinia.ch\/en\/property\/villa-face-a-la-plage\/\" \/>\n<meta property=\"og:locale\" content=\"en_US\" \/>\n<meta property=\"og:type\" content=\"article\" \/>\n<meta property=\"og:title\" content=\"Villa face \u00e0 la plage - InSardinia\" \/>\n<meta property=\"og:description\" content=\"El\u00e9gante villa \u00e0 vendre en Costa Verde en premi\u00e8re ligne Si vous \u00eates \u00e0 la recherche d&#8217;un lieu exclusif et pr\u00e9serv\u00e9, loin des foules, avec des plages semi-d\u00e9sertes m\u00eame en haute saison et dans une position imbattable, alors vous \u00eates au bon endroit. Dans le sud-ouest de la Sardaigne, \u00e0 Marina di Arbus, nous proposons [&hellip;]\" \/>\n<meta property=\"og:url\" content=\"https:\/\/www.insardinia.ch\/en\/property\/villa-face-a-la-plage\/\" \/>\n<meta property=\"og:site_name\" content=\"InSardinia\" \/>\n<meta property=\"article:modified_time\" content=\"2023-08-17T14:45:48+00:00\" \/>\n<meta property=\"og:image\" content=\"https:\/\/www.insardinia.ch\/vendita\/wp-content\/uploads\/2023\/08\/PHOTO-2023-08-02-14-09-18-3.jpg\" \/>\n\t<meta property=\"og:image:width\" content=\"768\" \/>\n\t<meta property=\"og:image:height\" content=\"1024\" \/>\n\t<meta property=\"og:image:type\" content=\"image\/jpeg\" \/>\n<meta name=\"twitter:card\" content=\"summary_large_image\" \/>\n<meta name=\"twitter:label1\" content=\"Est. reading time\" \/>\n\t<meta name=\"twitter:data1\" content=\"3 minutes\" \/>\n<script type=\"application\/ld+json\" class=\"yoast-schema-graph\">{\"@context\":\"https:\/\/schema.org\",\"@graph\":[{\"@type\":\"WebPage\",\"@id\":\"https:\/\/www.insardinia.ch\/en\/property\/villa-face-a-la-plage\/\",\"url\":\"https:\/\/www.insardinia.ch\/en\/property\/villa-face-a-la-plage\/\",\"name\":\"Villa face \u00e0 la plage - InSardinia\",\"isPartOf\":{\"@id\":\"https:\/\/www.insardinia.ch\/en\/#website\"},\"datePublished\":\"2023-08-17T13:58:21+00:00\",\"dateModified\":\"2023-08-17T14:45:48+00:00\",\"breadcrumb\":{\"@id\":\"https:\/\/www.insardinia.ch\/en\/property\/villa-face-a-la-plage\/#breadcrumb\"},\"inLanguage\":\"en-US\",\"potentialAction\":[{\"@type\":\"ReadAction\",\"target\":[\"https:\/\/www.insardinia.ch\/en\/property\/villa-face-a-la-plage\/\"]}]},{\"@type\":\"BreadcrumbList\",\"@id\":\"https:\/\/www.insardinia.ch\/en\/property\/villa-face-a-la-plage\/#breadcrumb\",\"itemListElement\":[{\"@type\":\"ListItem\",\"position\":1,\"name\":\"Home\",\"item\":\"https:\/\/www.insardinia.ch\/en\/\"},{\"@type\":\"ListItem\",\"position\":2,\"name\":\"Propriet\u00e0\",\"item\":\"https:\/\/www.insardinia.ch\/it\/property\/\"},{\"@type\":\"ListItem\",\"position\":3,\"name\":\"Villa face \u00e0 la plage\"}]},{\"@type\":\"WebSite\",\"@id\":\"https:\/\/www.insardinia.ch\/en\/#website\",\"url\":\"https:\/\/www.insardinia.ch\/en\/\",\"name\":\"InSardinia\",\"description\":\"\",\"potentialAction\":[{\"@type\":\"SearchAction\",\"target\":{\"@type\":\"EntryPoint\",\"urlTemplate\":\"https:\/\/www.insardinia.ch\/en\/?s={search_term_string}\"},\"query-input\":\"required name=search_term_string\"}],\"inLanguage\":\"en-US\"}]}<\/script>\n<!-- \/ Yoast SEO plugin. -->","yoast_head_json":{"title":"Villa face \u00e0 la plage - InSardinia","robots":{"index":"index","follow":"follow","max-snippet":"max-snippet:-1","max-image-preview":"max-image-preview:large","max-video-preview":"max-video-preview:-1"},"canonical":"https:\/\/www.insardinia.ch\/en\/property\/villa-face-a-la-plage\/","og_locale":"en_US","og_type":"article","og_title":"Villa face \u00e0 la plage - InSardinia","og_description":"El\u00e9gante villa \u00e0 vendre en Costa Verde en premi\u00e8re ligne Si vous \u00eates \u00e0 la recherche d&#8217;un lieu exclusif et pr\u00e9serv\u00e9, loin des foules, avec des plages semi-d\u00e9sertes m\u00eame en haute saison et dans une position imbattable, alors vous \u00eates au bon endroit. Dans le sud-ouest de la Sardaigne, \u00e0 Marina di Arbus, nous proposons [&hellip;]","og_url":"https:\/\/www.insardinia.ch\/en\/property\/villa-face-a-la-plage\/","og_site_name":"InSardinia","article_modified_time":"2023-08-17T14:45:48+00:00","og_image":[{"width":768,"height":1024,"url":"https:\/\/www.insardinia.ch\/vendita\/wp-content\/uploads\/2023\/08\/PHOTO-2023-08-02-14-09-18-3.jpg","type":"image\/jpeg"}],"twitter_card":"summary_large_image","twitter_misc":{"Est. reading time":"3 minutes"},"schema":{"@context":"https:\/\/schema.org","@graph":[{"@type":"WebPage","@id":"https:\/\/www.insardinia.ch\/en\/property\/villa-face-a-la-plage\/","url":"https:\/\/www.insardinia.ch\/en\/property\/villa-face-a-la-plage\/","name":"Villa face \u00e0 la plage - InSardinia","isPartOf":{"@id":"https:\/\/www.insardinia.ch\/en\/#website"},"datePublished":"2023-08-17T13:58:21+00:00","dateModified":"2023-08-17T14:45:48+00:00","breadcrumb":{"@id":"https:\/\/www.insardinia.ch\/en\/property\/villa-face-a-la-plage\/#breadcrumb"},"inLanguage":"en-US","potentialAction":[{"@type":"ReadAction","target":["https:\/\/www.insardinia.ch\/en\/property\/villa-face-a-la-plage\/"]}]},{"@type":"BreadcrumbList","@id":"https:\/\/www.insardinia.ch\/en\/property\/villa-face-a-la-plage\/#breadcrumb","itemListElement":[{"@type":"ListItem","position":1,"name":"Home","item":"https:\/\/www.insardinia.ch\/en\/"},{"@type":"ListItem","position":2,"name":"Propriet\u00e0","item":"https:\/\/www.insardinia.ch\/it\/property\/"},{"@type":"ListItem","position":3,"name":"Villa face \u00e0 la plage"}]},{"@type":"WebSite","@id":"https:\/\/www.insardinia.ch\/en\/#website","url":"https:\/\/www.insardinia.ch\/en\/","name":"InSardinia","description":"","potentialAction":[{"@type":"SearchAction","target":{"@type":"EntryPoint","urlTemplate":"https:\/\/www.insardinia.ch\/en\/?s={search_term_string}"},"query-input":"required name=search_term_string"}],"inLanguage":"en-US"}]}},"_links":{"self":[{"href":"https:\/\/www.insardinia.ch\/en\/wp-json\/wp\/v2\/properties\/69490"}],"collection":[{"href":"https:\/\/www.insardinia.ch\/en\/wp-json\/wp\/v2\/properties"}],"about":[{"href":"https:\/\/www.insardinia.ch\/en\/wp-json\/wp\/v2\/types\/property"}],"author":[{"embeddable":true,"href":"https:\/\/www.insardinia.ch\/en\/wp-json\/wp\/v2\/users\/2"}],"version-history":[{"count":0,"href":"https:\/\/www.insardinia.ch\/en\/wp-json\/wp\/v2\/properties\/69490\/revisions"}],"wp:featuredmedia":[{"embeddable":true,"href":"https:\/\/www.insardinia.ch\/en\/wp-json\/wp\/v2\/media\/69385"}],"wp:attachment":[{"href":"https:\/\/www.insardinia.ch\/en\/wp-json\/wp\/v2\/media?parent=69490"}],"wp:term":[{"taxonomy":"property_type","embeddable":true,"href":"https:\/\/www.insardinia.ch\/en\/wp-json\/wp\/v2\/property_type?post=69490"},{"taxonomy":"property_status","embeddable":true,"href":"https:\/\/www.insardinia.ch\/en\/wp-json\/wp\/v2\/property_status?post=69490"},{"taxonomy":"property_feature","embeddable":true,"href":"https:\/\/www.insardinia.ch\/en\/wp-json\/wp\/v2\/property_feature?post=69490"},{"taxonomy":"property_label","embeddable":true,"href":"https:\/\/www.insardinia.ch\/en\/wp-json\/wp\/v2\/property_label?post=69490"},{"taxonomy":"property_city","embeddable":true,"href":"https:\/\/www.insardinia.ch\/en\/wp-json\/wp\/v2\/property_city?post=69490"},{"taxonomy":"property_area","embeddable":true,"href":"https:\/\/www.insardinia.ch\/en\/wp-json\/wp\/v2\/property_area?post=69490"},{"taxonomy":"property_state","embeddable":true,"href":"https:\/\/www.insardinia.ch\/en\/wp-json\/wp\/v2\/property_state?post=69490"}],"curies":[{"name":"wp","href":"https:\/\/api.w.org\/{rel}","templated":true}]}}

Villa face à la plage

<h1><strong>Elégante villa à vendre en Costa Verde en première ligne</strong></h1>
<p>Si vous êtes à la recherche d&#8217;un lieu exclusif et préservé, loin des foules, avec des plages semi-désertes même en haute saison et dans une position imbattable, alors vous êtes au bon endroit. Dans le sud-ouest de la Sardaigne, à Marina di Arbus, nous proposons à la vente une villa mitoyenne entièrement rénovée dans un endroit magnifique, en première ligne.</p>
<p>La propriété surplombe la baie de Marina di Arbus et offre une vue absolument unique sur le paysage environnant. Sa situation en bord de mer, à seulement 50 mètres de la plage, en fait une maison unique. La valeur ajoutée de ce coin de paradis réside dans le fait que, suite au décret Soru de 2004, il n&#8217;est plus permis de construire des maisons à proximité ou à moins de 2 km de la côte.</p>
<p>La villa, qui est vendue entièrement meublée, est en excellent état intérieur et extérieur et comprend une grande véranda couverte, un espace de vie avec une cuisine entièrement équipée, trois chambres doubles, deux salles de bains, dont une avec une double douche et un double lavabo, un jardin, une buanderie, un barbecue et une douche extérieure.</p>
<p>La nature luxuriante et la proximité de la plage font de cette splendide villa l&#8217;endroit idéal pour profiter de l&#8217;émerveillement de ces lieux authentiques et magiques.</p>
<p>Cette magnifique maison est idéale pour passer des vacances en Sardaigne en famille ou entre amis ou comme excellent investissement locatif, étant donné le caractère unique du lieu et la situation de la propriété.</p>
<p>Prix négociable pour une réalisation immédiate</p>
<p>Informations complémentaires :</p>
<p>&#8211; Année de rénovation 2021<br />
&#8211; Chambres à coucher : 3<br />
&#8211; Salles de bain : 2<br />
&#8211; Cuisines : 1<br />
&#8211; Alimentation en eau avec Abbanoa<br />
&#8211; Réservoir d&#8217;eau supplémentaire<br />
&#8211; L&#8217;eau est potable<br />
&#8211; Barbecue<br />
&#8211; Pompes de refroidissement et de chauffage<br />
&#8211; Climatisation<br />
&#8211; Pas de travaux à prévoir<br />
&#8211; Cour<br />
&#8211; Douche extérieure<br />
&#8211; Double vitrage<br />
&#8211; Espace jardin<br />
&#8211; Frais de copropriété/consortium<br />
&#8211; Système d&#8217;irrigation<br />
&#8211; Propriété conforme à tous les documents<br />
&#8211; Terrasse/veranda<br />
&#8211; Le bien est vendu avec le mobilier<br />
&#8211; Vue sur la mer/premier rang<br />
&#8211; La maison est comme neuve<br />
&#8211; Cheminée<br />
&#8211; Indice de performance énergétique : en cours<br />
&#8211; Classe énergétique : en cosrso<br />
&#8211; Plage la plus proche et distance : Spiaggia sotto casa<br />
&#8211; Distances des principaux services : 200 Mt Marché et restaurant<br />
&#8211; Aéroport le plus proche et distance : Cagliari 90 km<br />
&#8211; Port le plus proche et distance : Cagliari 90 Km</p>
<p>&nbsp;</p>

<p>Elégante villa à vendre en Costa Verde en première ligne Si vous êtes à la recherche d&#8217;un lieu exclusif et préservé, loin des foules, avec des plages semi-désertes même en haute saison et dans une position imbattable, alors vous êtes au bon endroit. Dans le sud-ouest de la Sardaigne, à Marina di Arbus, nous proposons [&hellip;]</p>

<!-- This site is optimized with the Yoast SEO plugin v21.3 - https://yoast.com/wordpress/plugins/seo/ -->
<title>Villa face à la plage - InSardinia</title>
<meta name="robots" content="index, follow, max-snippet:-1, max-image-preview:large, max-video-preview:-1" />
<link rel="canonical" href="https://www.insardinia.ch/en/property/villa-face-a-la-plage/" />
<meta property="og:locale" content="en_US" />
<meta property="og:type" content="article" />
<meta property="og:title" content="Villa face à la plage - InSardinia" />
<meta property="og:description" content="Elégante villa à vendre en Costa Verde en première ligne Si vous êtes à la recherche d&#8217;un lieu exclusif et préservé, loin des foules, avec des plages semi-désertes même en haute saison et dans une position imbattable, alors vous êtes au bon endroit. Dans le sud-ouest de la Sardaigne, à Marina di Arbus, nous proposons [&hellip;]" />
<meta property="og:url" content="https://www.insardinia.ch/en/property/villa-face-a-la-plage/" />
<meta property="og:site_name" content="InSardinia" />
<meta property="article:modified_time" content="2023-08-17T14:45:48+00:00" />
<meta property="og:image" content="https://www.insardinia.ch/vendita/wp-content/uploads/2023/08/PHOTO-2023-08-02-14-09-18-3.jpg" />
	<meta property="og:image:width" content="768" />
	<meta property="og:image:height" content="1024" />
	<meta property="og:image:type" content="image/jpeg" />
<meta name="twitter:card" content="summary_large_image" />
<meta name="twitter:label1" content="Est. reading time" />
	<meta name="twitter:data1" content="3 minutes" />
<script type="application/ld+json" class="yoast-schema-graph">{"@context":"https://schema.org","@graph":[{"@type":"WebPage","@id":"https://www.insardinia.ch/en/property/villa-face-a-la-plage/","url":"https://www.insardinia.ch/en/property/villa-face-a-la-plage/","name":"Villa face à la plage - InSardinia","isPartOf":{"@id":"https://www.insardinia.ch/en/#website"},"datePublished":"2023-08-17T13:58:21+00:00","dateModified":"2023-08-17T14:45:48+00:00","breadcrumb":{"@id":"https://www.insardinia.ch/en/property/villa-face-a-la-plage/#breadcrumb"},"inLanguage":"en-US","potentialAction":[{"@type":"ReadAction","target":["https://www.insardinia.ch/en/property/villa-face-a-la-plage/"]}]},{"@type":"BreadcrumbList","@id":"https://www.insardinia.ch/en/property/villa-face-a-la-plage/#breadcrumb","itemListElement":[{"@type":"ListItem","position":1,"name":"Home","item":"https://www.insardinia.ch/en/"},{"@type":"ListItem","position":2,"name":"Proprietà","item":"https://www.insardinia.ch/it/property/"},{"@type":"ListItem","position":3,"name":"Villa face à la plage"}]},{"@type":"WebSite","@id":"https://www.insardinia.ch/en/#website","url":"https://www.insardinia.ch/en/","name":"InSardinia","description":"","potentialAction":[{"@type":"SearchAction","target":{"@type":"EntryPoint","urlTemplate":"https://www.insardinia.ch/en/?s={search_term_string}"},"query-input":"required name=search_term_string"}],"inLanguage":"en-US"}]}</script>
<!-- / Yoast SEO plugin. -->

Villa face à la plage - InSardinia

Elégante villa à vendre en Costa Verde en première ligne Si vous êtes à la recherche d&#8217;un lieu exclusif et préservé, loin des foules, avec des plages semi-désertes même en haute saison et dans une position imbattable, alors vous êtes au bon endroit. Dans le sud-ouest de la Sardaigne, à Marina di Arbus, nous proposons [&hellip;]

Proprietà
