{"id":63545,"date":"2022-10-14T12:00:22","date_gmt":"2022-10-14T10:00:22","guid":{"rendered":"https:\/\/www.insardinia.ch\/property\/villa-avec-vue-sur-la-mer-et-pres-de-la-plage\/"},"modified":"2023-02-08T14:24:14","modified_gmt":"2023-02-08T13:24:14","slug":"villa-avec-vue-sur-la-mer-et-pres-de-la-plage","status":"publish","type":"property","link":"https:\/\/www.insardinia.ch\/en\/property\/villa-avec-vue-sur-la-mer-et-pres-de-la-plage\/","title":{"rendered":"Villa avec vue sur la mer et pr\u00e8s de la plage"},"content":{"rendered":"<h1><strong>Int\u00e9ressante maisonnette avec une vue spectaculaire sur la mer, pr\u00e8s de la plage, de la marina et de la place.<\/strong><\/h1>\n<p>Porto Rafael, nous proposons \u00e0 la vente une maison compos\u00e9e de 2 unit\u00e9s avec une vue fantastique sur la mer. La propri\u00e9t\u00e9, qui se trouve \u00e0 seulement 300 m\u00e8tres de la plage, comprend trois chambres, deux salles de bains, deux salons, deux places de parking, un jardin, une grande cour \u00e0 l&#8217;arri\u00e8re avec un espace douche et des porches. <a href=\"https:\/\/marinadiportorafael.com\/\"><strong>La marina<\/strong> <\/a>et la c\u00e9l\u00e8bre piazzetta sont accessibles \u00e0 pied en 5 minutes. Le prix est n\u00e9gociable.<\/p>\n<p><a href=\"https:\/\/www.sardegnaturismo.it\/fr\/explorer\/porto-rafael\"><strong>Porto Rafael<\/strong> <\/a>: une perle situ\u00e9e au nord de la Sardaigne, sur la c\u00f4te de Gallura : un port qui est devenu un centre touristique renomm\u00e9 entour\u00e9 de plages pr\u00e9serv\u00e9es. Un petit \u00e9tablissement touristique fait face au parc national de l&#8217;archipel de la Maddalena. \u00c0 Porto Rafael, les couleurs dominantes sont le bleu de la mer qui contraste avec le blanc des maisons du village situ\u00e9 \u00e0 l&#8217;extr\u00e9mit\u00e9 nord de l&#8217;\u00eele, sur le territoire de Palau, dont il n&#8217;est distant que de quelques kilom\u00e8tres, et de Porto Cervo, le c\u0153ur de la Costa Smeralda.<\/p>\n<p>Fond\u00e9 dans les ann\u00e9es 1960 par le comte espagnol Rafael Neville de Berlanga del Duero, le centre touristique se caract\u00e9rise par une petite place donnant directement sur la Cala Inglese, \u00e9galement connue sous le nom de &#8220;piscine de Porto Rafael&#8221;, et par des maisons blanches entour\u00e9es de jardins color\u00e9s. C&#8217;est une destination de vacances d&#8217;\u00e9t\u00e9 tr\u00e8s pris\u00e9e, fr\u00e9quent\u00e9e par des personnalit\u00e9s du show-business international, mais aussi un lieu pour les familles et les amateurs de d\u00e9tente et de vie sociale.<\/p>\n<p><strong>PLUS D&#8217;INFORMATIONS :<\/strong><\/p>\n<p>\u00c9tat de la structure :en bon \u00e9tat<br \/>\nChauffage :pompes \u00e0 chaleur<br \/>\nRev\u00eatement de sol : Grez<br \/>\nVillage le plus proche et distance : Porto Rafael 500 Mt, Palau 2 Km<br \/>\nPlage la plus proche et distance : 300 Mt<\/p>\n<p><a href=\"https:\/\/www.insardinia.ch\/en\/city\/sassari-north\/\"><strong>Regardez les autres propri\u00e9t\u00e9s \u00e0 vendre en Sardaigne du Nord<\/strong><\/a><\/p>\n","protected":false},"excerpt":{"rendered":"<p>Int\u00e9ressante maisonnette avec une vue spectaculaire sur la mer, pr\u00e8s de la plage, de la marina et de la place. Porto Rafael, nous proposons \u00e0 la vente une maison compos\u00e9e de 2 unit\u00e9s avec une vue fantastique sur la mer. La propri\u00e9t\u00e9, qui se trouve \u00e0 seulement 300 m\u00e8tres de la plage, comprend trois chambres, [&hellip;]<\/p>\n","protected":false},"author":18,"featured_media":63517,"parent":0,"menu_order":0,"template":"","property_type":[1085],"property_status":[332],"property_feature":[1673,1624,1539,1590,1544,517,647,1547,531,1611,550,1641,1597,285],"property_label":[669],"property_city":[603],"property_area":[],"property_state":[1086],"yoast_head":"<!-- This site is optimized with the Yoast SEO plugin v21.3 - https:\/\/yoast.com\/wordpress\/plugins\/seo\/ -->\n<title>Villa avec vue sur la mer et pr\u00e8s de la plage - InSardinia<\/title>\n<meta name=\"robots\" content=\"index, follow, max-snippet:-1, max-image-preview:large, max-video-preview:-1\" \/>\n<link rel=\"canonical\" href=\"https:\/\/www.insardinia.ch\/en\/property\/villa-avec-vue-sur-la-mer-et-pres-de-la-plage\/\" \/>\n<meta property=\"og:locale\" content=\"en_US\" \/>\n<meta property=\"og:type\" content=\"article\" \/>\n<meta property=\"og:title\" content=\"Villa avec vue sur la mer et pr\u00e8s de la plage - InSardinia\" \/>\n<meta property=\"og:description\" content=\"Int\u00e9ressante maisonnette avec une vue spectaculaire sur la mer, pr\u00e8s de la plage, de la marina et de la place. Porto Rafael, nous proposons \u00e0 la vente une maison compos\u00e9e de 2 unit\u00e9s avec une vue fantastique sur la mer. La propri\u00e9t\u00e9, qui se trouve \u00e0 seulement 300 m\u00e8tres de la plage, comprend trois chambres, [&hellip;]\" \/>\n<meta property=\"og:url\" content=\"https:\/\/www.insardinia.ch\/en\/property\/villa-avec-vue-sur-la-mer-et-pres-de-la-plage\/\" \/>\n<meta property=\"og:site_name\" content=\"InSardinia\" \/>\n<meta property=\"article:modified_time\" content=\"2023-02-08T13:24:14+00:00\" \/>\n<meta property=\"og:image\" content=\"https:\/\/www.insardinia.ch\/vendita\/wp-content\/uploads\/2023\/02\/PHOTO-2023-01-31-11-24-10.jpg\" \/>\n\t<meta property=\"og:image:width\" content=\"719\" \/>\n\t<meta property=\"og:image:height\" content=\"489\" \/>\n\t<meta property=\"og:image:type\" content=\"image\/jpeg\" \/>\n<meta name=\"twitter:card\" content=\"summary_large_image\" \/>\n<meta name=\"twitter:label1\" content=\"Est. reading time\" \/>\n\t<meta name=\"twitter:data1\" content=\"2 minutes\" \/>\n<script type=\"application\/ld+json\" class=\"yoast-schema-graph\">{\"@context\":\"https:\/\/schema.org\",\"@graph\":[{\"@type\":\"WebPage\",\"@id\":\"https:\/\/www.insardinia.ch\/en\/property\/villa-avec-vue-sur-la-mer-et-pres-de-la-plage\/\",\"url\":\"https:\/\/www.insardinia.ch\/en\/property\/villa-avec-vue-sur-la-mer-et-pres-de-la-plage\/\",\"name\":\"Villa avec vue sur la mer et pr\u00e8s de la plage - InSardinia\",\"isPartOf\":{\"@id\":\"https:\/\/www.insardinia.ch\/en\/#website\"},\"datePublished\":\"2022-10-14T10:00:22+00:00\",\"dateModified\":\"2023-02-08T13:24:14+00:00\",\"breadcrumb\":{\"@id\":\"https:\/\/www.insardinia.ch\/en\/property\/villa-avec-vue-sur-la-mer-et-pres-de-la-plage\/#breadcrumb\"},\"inLanguage\":\"en-US\",\"potentialAction\":[{\"@type\":\"ReadAction\",\"target\":[\"https:\/\/www.insardinia.ch\/en\/property\/villa-avec-vue-sur-la-mer-et-pres-de-la-plage\/\"]}]},{\"@type\":\"BreadcrumbList\",\"@id\":\"https:\/\/www.insardinia.ch\/en\/property\/villa-avec-vue-sur-la-mer-et-pres-de-la-plage\/#breadcrumb\",\"itemListElement\":[{\"@type\":\"ListItem\",\"position\":1,\"name\":\"Home\",\"item\":\"https:\/\/www.insardinia.ch\/en\/\"},{\"@type\":\"ListItem\",\"position\":2,\"name\":\"Propriet\u00e0\",\"item\":\"https:\/\/www.insardinia.ch\/it\/property\/\"},{\"@type\":\"ListItem\",\"position\":3,\"name\":\"Villa avec vue sur la mer et pr\u00e8s de la plage\"}]},{\"@type\":\"WebSite\",\"@id\":\"https:\/\/www.insardinia.ch\/en\/#website\",\"url\":\"https:\/\/www.insardinia.ch\/en\/\",\"name\":\"InSardinia\",\"description\":\"\",\"potentialAction\":[{\"@type\":\"SearchAction\",\"target\":{\"@type\":\"EntryPoint\",\"urlTemplate\":\"https:\/\/www.insardinia.ch\/en\/?s={search_term_string}\"},\"query-input\":\"required name=search_term_string\"}],\"inLanguage\":\"en-US\"}]}<\/script>\n<!-- \/ Yoast SEO plugin. -->","yoast_head_json":{"title":"Villa avec vue sur la mer et pr\u00e8s de la plage - InSardinia","robots":{"index":"index","follow":"follow","max-snippet":"max-snippet:-1","max-image-preview":"max-image-preview:large","max-video-preview":"max-video-preview:-1"},"canonical":"https:\/\/www.insardinia.ch\/en\/property\/villa-avec-vue-sur-la-mer-et-pres-de-la-plage\/","og_locale":"en_US","og_type":"article","og_title":"Villa avec vue sur la mer et pr\u00e8s de la plage - InSardinia","og_description":"Int\u00e9ressante maisonnette avec une vue spectaculaire sur la mer, pr\u00e8s de la plage, de la marina et de la place. Porto Rafael, nous proposons \u00e0 la vente une maison compos\u00e9e de 2 unit\u00e9s avec une vue fantastique sur la mer. La propri\u00e9t\u00e9, qui se trouve \u00e0 seulement 300 m\u00e8tres de la plage, comprend trois chambres, [&hellip;]","og_url":"https:\/\/www.insardinia.ch\/en\/property\/villa-avec-vue-sur-la-mer-et-pres-de-la-plage\/","og_site_name":"InSardinia","article_modified_time":"2023-02-08T13:24:14+00:00","og_image":[{"width":719,"height":489,"url":"https:\/\/www.insardinia.ch\/vendita\/wp-content\/uploads\/2023\/02\/PHOTO-2023-01-31-11-24-10.jpg","type":"image\/jpeg"}],"twitter_card":"summary_large_image","twitter_misc":{"Est. reading time":"2 minutes"},"schema":{"@context":"https:\/\/schema.org","@graph":[{"@type":"WebPage","@id":"https:\/\/www.insardinia.ch\/en\/property\/villa-avec-vue-sur-la-mer-et-pres-de-la-plage\/","url":"https:\/\/www.insardinia.ch\/en\/property\/villa-avec-vue-sur-la-mer-et-pres-de-la-plage\/","name":"Villa avec vue sur la mer et pr\u00e8s de la plage - InSardinia","isPartOf":{"@id":"https:\/\/www.insardinia.ch\/en\/#website"},"datePublished":"2022-10-14T10:00:22+00:00","dateModified":"2023-02-08T13:24:14+00:00","breadcrumb":{"@id":"https:\/\/www.insardinia.ch\/en\/property\/villa-avec-vue-sur-la-mer-et-pres-de-la-plage\/#breadcrumb"},"inLanguage":"en-US","potentialAction":[{"@type":"ReadAction","target":["https:\/\/www.insardinia.ch\/en\/property\/villa-avec-vue-sur-la-mer-et-pres-de-la-plage\/"]}]},{"@type":"BreadcrumbList","@id":"https:\/\/www.insardinia.ch\/en\/property\/villa-avec-vue-sur-la-mer-et-pres-de-la-plage\/#breadcrumb","itemListElement":[{"@type":"ListItem","position":1,"name":"Home","item":"https:\/\/www.insardinia.ch\/en\/"},{"@type":"ListItem","position":2,"name":"Propriet\u00e0","item":"https:\/\/www.insardinia.ch\/it\/property\/"},{"@type":"ListItem","position":3,"name":"Villa avec vue sur la mer et pr\u00e8s de la plage"}]},{"@type":"WebSite","@id":"https:\/\/www.insardinia.ch\/en\/#website","url":"https:\/\/www.insardinia.ch\/en\/","name":"InSardinia","description":"","potentialAction":[{"@type":"SearchAction","target":{"@type":"EntryPoint","urlTemplate":"https:\/\/www.insardinia.ch\/en\/?s={search_term_string}"},"query-input":"required name=search_term_string"}],"inLanguage":"en-US"}]}},"_links":{"self":[{"href":"https:\/\/www.insardinia.ch\/en\/wp-json\/wp\/v2\/properties\/63545"}],"collection":[{"href":"https:\/\/www.insardinia.ch\/en\/wp-json\/wp\/v2\/properties"}],"about":[{"href":"https:\/\/www.insardinia.ch\/en\/wp-json\/wp\/v2\/types\/property"}],"author":[{"embeddable":true,"href":"https:\/\/www.insardinia.ch\/en\/wp-json\/wp\/v2\/users\/18"}],"version-history":[{"count":0,"href":"https:\/\/www.insardinia.ch\/en\/wp-json\/wp\/v2\/properties\/63545\/revisions"}],"wp:featuredmedia":[{"embeddable":true,"href":"https:\/\/www.insardinia.ch\/en\/wp-json\/wp\/v2\/media\/63517"}],"wp:attachment":[{"href":"https:\/\/www.insardinia.ch\/en\/wp-json\/wp\/v2\/media?parent=63545"}],"wp:term":[{"taxonomy":"property_type","embeddable":true,"href":"https:\/\/www.insardinia.ch\/en\/wp-json\/wp\/v2\/property_type?post=63545"},{"taxonomy":"property_status","embeddable":true,"href":"https:\/\/www.insardinia.ch\/en\/wp-json\/wp\/v2\/property_status?post=63545"},{"taxonomy":"property_feature","embeddable":true,"href":"https:\/\/www.insardinia.ch\/en\/wp-json\/wp\/v2\/property_feature?post=63545"},{"taxonomy":"property_label","embeddable":true,"href":"https:\/\/www.insardinia.ch\/en\/wp-json\/wp\/v2\/property_label?post=63545"},{"taxonomy":"property_city","embeddable":true,"href":"https:\/\/www.insardinia.ch\/en\/wp-json\/wp\/v2\/property_city?post=63545"},{"taxonomy":"property_area","embeddable":true,"href":"https:\/\/www.insardinia.ch\/en\/wp-json\/wp\/v2\/property_area?post=63545"},{"taxonomy":"property_state","embeddable":true,"href":"https:\/\/www.insardinia.ch\/en\/wp-json\/wp\/v2\/property_state?post=63545"}],"curies":[{"name":"wp","href":"https:\/\/api.w.org\/{rel}","templated":true}]}}

Villa avec vue sur la mer et près de la plage

<h1><strong>Intéressante maisonnette avec une vue spectaculaire sur la mer, près de la plage, de la marina et de la place.</strong></h1>
<p>Porto Rafael, nous proposons à la vente une maison composée de 2 unités avec une vue fantastique sur la mer. La propriété, qui se trouve à seulement 300 mètres de la plage, comprend trois chambres, deux salles de bains, deux salons, deux places de parking, un jardin, une grande cour à l&#8217;arrière avec un espace douche et des porches. <a href="https://marinadiportorafael.com/"><strong>La marina</strong> </a>et la célèbre piazzetta sont accessibles à pied en 5 minutes. Le prix est négociable.</p>
<p><a href="https://www.sardegnaturismo.it/fr/explorer/porto-rafael"><strong>Porto Rafael</strong> </a>: une perle située au nord de la Sardaigne, sur la côte de Gallura : un port qui est devenu un centre touristique renommé entouré de plages préservées. Un petit établissement touristique fait face au parc national de l&#8217;archipel de la Maddalena. À Porto Rafael, les couleurs dominantes sont le bleu de la mer qui contraste avec le blanc des maisons du village situé à l&#8217;extrémité nord de l&#8217;île, sur le territoire de Palau, dont il n&#8217;est distant que de quelques kilomètres, et de Porto Cervo, le cœur de la Costa Smeralda.</p>
<p>Fondé dans les années 1960 par le comte espagnol Rafael Neville de Berlanga del Duero, le centre touristique se caractérise par une petite place donnant directement sur la Cala Inglese, également connue sous le nom de &#8220;piscine de Porto Rafael&#8221;, et par des maisons blanches entourées de jardins colorés. C&#8217;est une destination de vacances d&#8217;été très prisée, fréquentée par des personnalités du show-business international, mais aussi un lieu pour les familles et les amateurs de détente et de vie sociale.</p>
<p><strong>PLUS D&#8217;INFORMATIONS :</strong></p>
<p>État de la structure :en bon état<br />
Chauffage :pompes à chaleur<br />
Revêtement de sol : Grez<br />
Village le plus proche et distance : Porto Rafael 500 Mt, Palau 2 Km<br />
Plage la plus proche et distance : 300 Mt</p>
<p><a href="https://www.insardinia.ch/en/city/sassari-north/"><strong>Regardez les autres propriétés à vendre en Sardaigne du Nord</strong></a></p>

<p>Intéressante maisonnette avec une vue spectaculaire sur la mer, près de la plage, de la marina et de la place. Porto Rafael, nous proposons à la vente une maison composée de 2 unités avec une vue fantastique sur la mer. La propriété, qui se trouve à seulement 300 mètres de la plage, comprend trois chambres, [&hellip;]</p>

<!-- This site is optimized with the Yoast SEO plugin v21.3 - https://yoast.com/wordpress/plugins/seo/ -->
<title>Villa avec vue sur la mer et près de la plage - InSardinia</title>
<meta name="robots" content="index, follow, max-snippet:-1, max-image-preview:large, max-video-preview:-1" />
<link rel="canonical" href="https://www.insardinia.ch/en/property/villa-avec-vue-sur-la-mer-et-pres-de-la-plage/" />
<meta property="og:locale" content="en_US" />
<meta property="og:type" content="article" />
<meta property="og:title" content="Villa avec vue sur la mer et près de la plage - InSardinia" />
<meta property="og:description" content="Intéressante maisonnette avec une vue spectaculaire sur la mer, près de la plage, de la marina et de la place. Porto Rafael, nous proposons à la vente une maison composée de 2 unités avec une vue fantastique sur la mer. La propriété, qui se trouve à seulement 300 mètres de la plage, comprend trois chambres, [&hellip;]" />
<meta property="og:url" content="https://www.insardinia.ch/en/property/villa-avec-vue-sur-la-mer-et-pres-de-la-plage/" />
<meta property="og:site_name" content="InSardinia" />
<meta property="article:modified_time" content="2023-02-08T13:24:14+00:00" />
<meta property="og:image" content="https://www.insardinia.ch/vendita/wp-content/uploads/2023/02/PHOTO-2023-01-31-11-24-10.jpg" />
	<meta property="og:image:width" content="719" />
	<meta property="og:image:height" content="489" />
	<meta property="og:image:type" content="image/jpeg" />
<meta name="twitter:card" content="summary_large_image" />
<meta name="twitter:label1" content="Est. reading time" />
	<meta name="twitter:data1" content="2 minutes" />
<script type="application/ld+json" class="yoast-schema-graph">{"@context":"https://schema.org","@graph":[{"@type":"WebPage","@id":"https://www.insardinia.ch/en/property/villa-avec-vue-sur-la-mer-et-pres-de-la-plage/","url":"https://www.insardinia.ch/en/property/villa-avec-vue-sur-la-mer-et-pres-de-la-plage/","name":"Villa avec vue sur la mer et près de la plage - InSardinia","isPartOf":{"@id":"https://www.insardinia.ch/en/#website"},"datePublished":"2022-10-14T10:00:22+00:00","dateModified":"2023-02-08T13:24:14+00:00","breadcrumb":{"@id":"https://www.insardinia.ch/en/property/villa-avec-vue-sur-la-mer-et-pres-de-la-plage/#breadcrumb"},"inLanguage":"en-US","potentialAction":[{"@type":"ReadAction","target":["https://www.insardinia.ch/en/property/villa-avec-vue-sur-la-mer-et-pres-de-la-plage/"]}]},{"@type":"BreadcrumbList","@id":"https://www.insardinia.ch/en/property/villa-avec-vue-sur-la-mer-et-pres-de-la-plage/#breadcrumb","itemListElement":[{"@type":"ListItem","position":1,"name":"Home","item":"https://www.insardinia.ch/en/"},{"@type":"ListItem","position":2,"name":"Proprietà","item":"https://www.insardinia.ch/it/property/"},{"@type":"ListItem","position":3,"name":"Villa avec vue sur la mer et près de la plage"}]},{"@type":"WebSite","@id":"https://www.insardinia.ch/en/#website","url":"https://www.insardinia.ch/en/","name":"InSardinia","description":"","potentialAction":[{"@type":"SearchAction","target":{"@type":"EntryPoint","urlTemplate":"https://www.insardinia.ch/en/?s={search_term_string}"},"query-input":"required name=search_term_string"}],"inLanguage":"en-US"}]}</script>
<!-- / Yoast SEO plugin. -->

Villa avec vue sur la mer et près de la plage - InSardinia

Intéressante maisonnette avec une vue spectaculaire sur la mer, près de la plage, de la marina et de la place. Porto Rafael, nous proposons à la vente une maison composée de 2 unités avec une vue fantastique sur la mer. La propriété, qui se trouve à seulement 300 mètres de la plage, comprend trois chambres, [&hellip;]

Proprietà
