{"id":19406,"date":"2019-03-11T12:13:07","date_gmt":"2019-03-11T11:13:07","guid":{"rendered":"https:\/\/www.insardinia.ch\/property\/domus-de-maria-villa-vista-mare-e-giardino\/"},"modified":"2019-12-03T11:30:09","modified_gmt":"2019-12-03T10:30:09","slug":"domus-de-maria-villa-vista-mare-e-giardino","status":"publish","type":"property","link":"https:\/\/www.insardinia.ch\/en\/property\/domus-de-maria-villa-vista-mare-e-giardino\/","title":{"rendered":"Domus de Maria: villa vista mare e giardino"},"content":{"rendered":"<h1><strong>Splendida villa a Eden rock con giardino privato e vista mare <\/strong><\/h1>\n<p>Situata a Eden rock, nel comune di Domus de Maria, questa bellissima villa dispone di un totale di 5 posti letto e comprende: 2 camere da letto, 1 stanza da bagno, zona giorno, giardino anteriore con barbecue e doccia, veranda panoramica con vista mare, giardino privato.<\/p>\n<p>La villa si sviluppa su una superficie totale di 55 metri quadri e al pianoterra rialzato si trovano 2 camere, una matrimoniale e una con letto a castello, un bagno con doccia e la zona giorno.<\/p>\n<p>Le camere da letto sono arredate con tutti i comfort e la zona giorno comprende una cucina completamente attrezzata, tavolo con sedie e un divano che all\u2019occorrenza pu\u00f2 diventare un altro posto letto.<\/p>\n<p>Gli arredi della zona giorno sono in legno rustico e tutto l\u2019ambiente \u00e8 caldo e accogliente. Davanti alla casa si apre un bellissimo giardino in cui si trovano barbecue e doccia e la veranda panoramica arredata con ulteriore tavolo e sedie da esterno \u00e8 perfetta per poter mangiare ammirando la vista sul mare.<\/p>\n<p>La struttura \u00e8 dotata di aria condizionata, Internet\/Wi-Fi e vi \u00e8 anche il posto auto nelle vicinanze. Indicata per famiglie e anche in compagnia dei bambini perch\u00e9 riservata e tranquilla, la villa \u00e8 una location magnifica per trascorrere le vacanza in pieno relax.<\/p>\n<h2><strong>Vicinissima alla spiaggia e ai servizi principali <\/strong><\/h2>\n<p>Vicinissima alla spiaggia di Calamarina, che si trova ad appena 15 minuti di percorso a piedi, la villa gode di un\u2019ottima posizione e si possono raggiungere facilmente anche altre spiagge dei dintorni come la spiaggia di Chia, una delle pi\u00f9 belle di questo posto.<\/p>\n<p>I servizi principali sono anch\u2019essi molto vicini, ad esempio ad un solo chilometro si trova un grande centro commerciale con supermercato, macelleria, bar, pizzeria e pescheria e a poca distanza si trova anche il porticciolo turistico, perfetto per trascorrere una bella serata magari sorseggiando qualcosa o ammirando i tramonti mozzafiato che da queste parti assumono sfumature indescrivibili.<\/p>\n<p>Gli ospiti che giungono nella villa hanno a disposizione, oltre a tutti i comfort di cui dispone, anche alcuni servizi che rendono il soggiorno ancora pi\u00f9 piacevole: nelle tariffe sono infatti compresi le pulizie finali, lenzuola, asciugamani, teli mare e le utenze, quindi acqua, gas, elettricit\u00e0.<\/p>\n<h3><strong>Posizione panoramica e vista mare mozzafiato <\/strong><\/h3>\n<p>La zona \u00e8 perfetta anche per praticare sport come equitazione, running, kite surf, canoa e divertirsi facendo anche nuove esperienze. La villa con il suo giardino privato e delimitato dalla recinzione assicura la massima privacy e permette anche di fare grigliate sfruttando il barbecue e mangiando direttamente sulla veranda, arredata apposta per consentire agli ospiti di trascorrere piacevoli momenti di divertimento in questo spazio esterno.<\/p>\n<p>La posizione panoramica della villa rende questa location ideale per immergersi in mezzo alla natura e dimenticare totalmente la frenesia della quotidianit\u00e0. In pi\u00f9, la natura rigogliosa, le comodit\u00e0 offerte dalla casa e la vista mare che regala dalla veranda sono solo alcuni degli ingredienti che renderanno la vacanza indimenticabile!<\/p>\n<p><strong>\u00a0<\/strong><\/p>\n","protected":false},"excerpt":{"rendered":"<p>Splendida villa a Eden rock con giardino privato e vista mare Situata a Eden rock, nel comune di Domus de Maria, questa bellissima villa dispone di un totale di 5 posti letto e comprende: 2 camere da letto, 1 stanza da bagno, zona giorno, giardino anteriore con barbecue e doccia, veranda panoramica con vista mare, [&hellip;]<\/p>\n","protected":false},"author":2,"featured_media":9228,"parent":0,"menu_order":0,"template":"","property_type":[1158],"property_status":[383],"property_feature":[517,512,585,531,550,647,267,285,282],"property_label":[667],"property_city":[606],"property_area":[],"property_state":[889],"yoast_head":"<!-- This site is optimized with the Yoast SEO plugin v21.3 - https:\/\/yoast.com\/wordpress\/plugins\/seo\/ -->\n<title>Domus de Maria: villa vista mare e giardino - InSardinia<\/title>\n<meta name=\"description\" content=\"Costa del Sud Eden Rock:comune di Domus de Maria,2 camere da letto, 1 stanza da bagno, zona giorno, giardino,barbecue e doccia,vista mare, giardino privato.\" \/>\n<meta name=\"robots\" content=\"index, follow, max-snippet:-1, max-image-preview:large, max-video-preview:-1\" \/>\n<link rel=\"canonical\" href=\"https:\/\/www.insardinia.ch\/en\/property\/domus-de-maria-villa-vista-mare-e-giardino\/\" \/>\n<meta property=\"og:locale\" content=\"en_US\" \/>\n<meta property=\"og:type\" content=\"article\" \/>\n<meta property=\"og:title\" content=\"Domus de Maria: villa vista mare e giardino - InSardinia\" \/>\n<meta property=\"og:description\" content=\"Costa del Sud Eden Rock:comune di Domus de Maria,2 camere da letto, 1 stanza da bagno, zona giorno, giardino,barbecue e doccia,vista mare, giardino privato.\" \/>\n<meta property=\"og:url\" content=\"https:\/\/www.insardinia.ch\/en\/property\/domus-de-maria-villa-vista-mare-e-giardino\/\" \/>\n<meta property=\"og:site_name\" content=\"InSardinia\" \/>\n<meta property=\"article:modified_time\" content=\"2019-12-03T10:30:09+00:00\" \/>\n<meta property=\"og:image\" content=\"https:\/\/www.insardinia.ch\/vendita\/wp-content\/uploads\/2019\/03\/Villa-Seaview-Eden-Rock-Sardinia-24.jpg\" \/>\n\t<meta property=\"og:image:width\" content=\"1500\" \/>\n\t<meta property=\"og:image:height\" content=\"1361\" \/>\n\t<meta property=\"og:image:type\" content=\"image\/jpeg\" \/>\n<meta name=\"twitter:card\" content=\"summary_large_image\" \/>\n<meta name=\"twitter:label1\" content=\"Est. reading time\" \/>\n\t<meta name=\"twitter:data1\" content=\"2 minutes\" \/>\n<script type=\"application\/ld+json\" class=\"yoast-schema-graph\">{\"@context\":\"https:\/\/schema.org\",\"@graph\":[{\"@type\":\"WebPage\",\"@id\":\"https:\/\/www.insardinia.ch\/en\/property\/domus-de-maria-villa-vista-mare-e-giardino\/\",\"url\":\"https:\/\/www.insardinia.ch\/en\/property\/domus-de-maria-villa-vista-mare-e-giardino\/\",\"name\":\"Domus de Maria: villa vista mare e giardino - InSardinia\",\"isPartOf\":{\"@id\":\"https:\/\/www.insardinia.ch\/en\/#website\"},\"datePublished\":\"2019-03-11T11:13:07+00:00\",\"dateModified\":\"2019-12-03T10:30:09+00:00\",\"description\":\"Costa del Sud Eden Rock:comune di Domus de Maria,2 camere da letto, 1 stanza da bagno, zona giorno, giardino,barbecue e doccia,vista mare, giardino privato.\",\"breadcrumb\":{\"@id\":\"https:\/\/www.insardinia.ch\/en\/property\/domus-de-maria-villa-vista-mare-e-giardino\/#breadcrumb\"},\"inLanguage\":\"en-US\",\"potentialAction\":[{\"@type\":\"ReadAction\",\"target\":[\"https:\/\/www.insardinia.ch\/en\/property\/domus-de-maria-villa-vista-mare-e-giardino\/\"]}]},{\"@type\":\"BreadcrumbList\",\"@id\":\"https:\/\/www.insardinia.ch\/en\/property\/domus-de-maria-villa-vista-mare-e-giardino\/#breadcrumb\",\"itemListElement\":[{\"@type\":\"ListItem\",\"position\":1,\"name\":\"Home\",\"item\":\"https:\/\/www.insardinia.ch\/en\/\"},{\"@type\":\"ListItem\",\"position\":2,\"name\":\"Propriet\u00e0\",\"item\":\"https:\/\/www.insardinia.ch\/it\/property\/\"},{\"@type\":\"ListItem\",\"position\":3,\"name\":\"Domus de Maria: villa vista mare e giardino\"}]},{\"@type\":\"WebSite\",\"@id\":\"https:\/\/www.insardinia.ch\/en\/#website\",\"url\":\"https:\/\/www.insardinia.ch\/en\/\",\"name\":\"InSardinia\",\"description\":\"\",\"potentialAction\":[{\"@type\":\"SearchAction\",\"target\":{\"@type\":\"EntryPoint\",\"urlTemplate\":\"https:\/\/www.insardinia.ch\/en\/?s={search_term_string}\"},\"query-input\":\"required name=search_term_string\"}],\"inLanguage\":\"en-US\"}]}<\/script>\n<!-- \/ Yoast SEO plugin. -->","yoast_head_json":{"title":"Domus de Maria: villa vista mare e giardino - InSardinia","description":"Costa del Sud Eden Rock:comune di Domus de Maria,2 camere da letto, 1 stanza da bagno, zona giorno, giardino,barbecue e doccia,vista mare, giardino privato.","robots":{"index":"index","follow":"follow","max-snippet":"max-snippet:-1","max-image-preview":"max-image-preview:large","max-video-preview":"max-video-preview:-1"},"canonical":"https:\/\/www.insardinia.ch\/en\/property\/domus-de-maria-villa-vista-mare-e-giardino\/","og_locale":"en_US","og_type":"article","og_title":"Domus de Maria: villa vista mare e giardino - InSardinia","og_description":"Costa del Sud Eden Rock:comune di Domus de Maria,2 camere da letto, 1 stanza da bagno, zona giorno, giardino,barbecue e doccia,vista mare, giardino privato.","og_url":"https:\/\/www.insardinia.ch\/en\/property\/domus-de-maria-villa-vista-mare-e-giardino\/","og_site_name":"InSardinia","article_modified_time":"2019-12-03T10:30:09+00:00","og_image":[{"width":1500,"height":1361,"url":"https:\/\/www.insardinia.ch\/vendita\/wp-content\/uploads\/2019\/03\/Villa-Seaview-Eden-Rock-Sardinia-24.jpg","type":"image\/jpeg"}],"twitter_card":"summary_large_image","twitter_misc":{"Est. reading time":"2 minutes"},"schema":{"@context":"https:\/\/schema.org","@graph":[{"@type":"WebPage","@id":"https:\/\/www.insardinia.ch\/en\/property\/domus-de-maria-villa-vista-mare-e-giardino\/","url":"https:\/\/www.insardinia.ch\/en\/property\/domus-de-maria-villa-vista-mare-e-giardino\/","name":"Domus de Maria: villa vista mare e giardino - InSardinia","isPartOf":{"@id":"https:\/\/www.insardinia.ch\/en\/#website"},"datePublished":"2019-03-11T11:13:07+00:00","dateModified":"2019-12-03T10:30:09+00:00","description":"Costa del Sud Eden Rock:comune di Domus de Maria,2 camere da letto, 1 stanza da bagno, zona giorno, giardino,barbecue e doccia,vista mare, giardino privato.","breadcrumb":{"@id":"https:\/\/www.insardinia.ch\/en\/property\/domus-de-maria-villa-vista-mare-e-giardino\/#breadcrumb"},"inLanguage":"en-US","potentialAction":[{"@type":"ReadAction","target":["https:\/\/www.insardinia.ch\/en\/property\/domus-de-maria-villa-vista-mare-e-giardino\/"]}]},{"@type":"BreadcrumbList","@id":"https:\/\/www.insardinia.ch\/en\/property\/domus-de-maria-villa-vista-mare-e-giardino\/#breadcrumb","itemListElement":[{"@type":"ListItem","position":1,"name":"Home","item":"https:\/\/www.insardinia.ch\/en\/"},{"@type":"ListItem","position":2,"name":"Propriet\u00e0","item":"https:\/\/www.insardinia.ch\/it\/property\/"},{"@type":"ListItem","position":3,"name":"Domus de Maria: villa vista mare e giardino"}]},{"@type":"WebSite","@id":"https:\/\/www.insardinia.ch\/en\/#website","url":"https:\/\/www.insardinia.ch\/en\/","name":"InSardinia","description":"","potentialAction":[{"@type":"SearchAction","target":{"@type":"EntryPoint","urlTemplate":"https:\/\/www.insardinia.ch\/en\/?s={search_term_string}"},"query-input":"required name=search_term_string"}],"inLanguage":"en-US"}]}},"_links":{"self":[{"href":"https:\/\/www.insardinia.ch\/en\/wp-json\/wp\/v2\/properties\/19406"}],"collection":[{"href":"https:\/\/www.insardinia.ch\/en\/wp-json\/wp\/v2\/properties"}],"about":[{"href":"https:\/\/www.insardinia.ch\/en\/wp-json\/wp\/v2\/types\/property"}],"author":[{"embeddable":true,"href":"https:\/\/www.insardinia.ch\/en\/wp-json\/wp\/v2\/users\/2"}],"version-history":[{"count":0,"href":"https:\/\/www.insardinia.ch\/en\/wp-json\/wp\/v2\/properties\/19406\/revisions"}],"wp:featuredmedia":[{"embeddable":true,"href":"https:\/\/www.insardinia.ch\/en\/wp-json\/wp\/v2\/media\/9228"}],"wp:attachment":[{"href":"https:\/\/www.insardinia.ch\/en\/wp-json\/wp\/v2\/media?parent=19406"}],"wp:term":[{"taxonomy":"property_type","embeddable":true,"href":"https:\/\/www.insardinia.ch\/en\/wp-json\/wp\/v2\/property_type?post=19406"},{"taxonomy":"property_status","embeddable":true,"href":"https:\/\/www.insardinia.ch\/en\/wp-json\/wp\/v2\/property_status?post=19406"},{"taxonomy":"property_feature","embeddable":true,"href":"https:\/\/www.insardinia.ch\/en\/wp-json\/wp\/v2\/property_feature?post=19406"},{"taxonomy":"property_label","embeddable":true,"href":"https:\/\/www.insardinia.ch\/en\/wp-json\/wp\/v2\/property_label?post=19406"},{"taxonomy":"property_city","embeddable":true,"href":"https:\/\/www.insardinia.ch\/en\/wp-json\/wp\/v2\/property_city?post=19406"},{"taxonomy":"property_area","embeddable":true,"href":"https:\/\/www.insardinia.ch\/en\/wp-json\/wp\/v2\/property_area?post=19406"},{"taxonomy":"property_state","embeddable":true,"href":"https:\/\/www.insardinia.ch\/en\/wp-json\/wp\/v2\/property_state?post=19406"}],"curies":[{"name":"wp","href":"https:\/\/api.w.org\/{rel}","templated":true}]}}

<h1><strong>Splendida villa a Eden rock con giardino privato e vista mare </strong></h1>
<p>Situata a Eden rock, nel comune di Domus de Maria, questa bellissima villa dispone di un totale di 5 posti letto e comprende: 2 camere da letto, 1 stanza da bagno, zona giorno, giardino anteriore con barbecue e doccia, veranda panoramica con vista mare, giardino privato.</p>
<p>La villa si sviluppa su una superficie totale di 55 metri quadri e al pianoterra rialzato si trovano 2 camere, una matrimoniale e una con letto a castello, un bagno con doccia e la zona giorno.</p>
<p>Le camere da letto sono arredate con tutti i comfort e la zona giorno comprende una cucina completamente attrezzata, tavolo con sedie e un divano che all’occorrenza può diventare un altro posto letto.</p>
<p>Gli arredi della zona giorno sono in legno rustico e tutto l’ambiente è caldo e accogliente. Davanti alla casa si apre un bellissimo giardino in cui si trovano barbecue e doccia e la veranda panoramica arredata con ulteriore tavolo e sedie da esterno è perfetta per poter mangiare ammirando la vista sul mare.</p>
<p>La struttura è dotata di aria condizionata, Internet/Wi-Fi e vi è anche il posto auto nelle vicinanze. Indicata per famiglie e anche in compagnia dei bambini perché riservata e tranquilla, la villa è una location magnifica per trascorrere le vacanza in pieno relax.</p>
<h2><strong>Vicinissima alla spiaggia e ai servizi principali </strong></h2>
<p>Vicinissima alla spiaggia di Calamarina, che si trova ad appena 15 minuti di percorso a piedi, la villa gode di un’ottima posizione e si possono raggiungere facilmente anche altre spiagge dei dintorni come la spiaggia di Chia, una delle più belle di questo posto.</p>
<p>I servizi principali sono anch’essi molto vicini, ad esempio ad un solo chilometro si trova un grande centro commerciale con supermercato, macelleria, bar, pizzeria e pescheria e a poca distanza si trova anche il porticciolo turistico, perfetto per trascorrere una bella serata magari sorseggiando qualcosa o ammirando i tramonti mozzafiato che da queste parti assumono sfumature indescrivibili.</p>
<p>Gli ospiti che giungono nella villa hanno a disposizione, oltre a tutti i comfort di cui dispone, anche alcuni servizi che rendono il soggiorno ancora più piacevole: nelle tariffe sono infatti compresi le pulizie finali, lenzuola, asciugamani, teli mare e le utenze, quindi acqua, gas, elettricità.</p>
<h3><strong>Posizione panoramica e vista mare mozzafiato </strong></h3>
<p>La zona è perfetta anche per praticare sport come equitazione, running, kite surf, canoa e divertirsi facendo anche nuove esperienze. La villa con il suo giardino privato e delimitato dalla recinzione assicura la massima privacy e permette anche di fare grigliate sfruttando il barbecue e mangiando direttamente sulla veranda, arredata apposta per consentire agli ospiti di trascorrere piacevoli momenti di divertimento in questo spazio esterno.</p>
<p>La posizione panoramica della villa rende questa location ideale per immergersi in mezzo alla natura e dimenticare totalmente la frenesia della quotidianità. In più, la natura rigogliosa, le comodità offerte dalla casa e la vista mare che regala dalla veranda sono solo alcuni degli ingredienti che renderanno la vacanza indimenticabile!</p>
<p><strong> </strong></p>

<!-- This site is optimized with the Yoast SEO plugin v21.3 - https://yoast.com/wordpress/plugins/seo/ -->
<title>Domus de Maria: villa vista mare e giardino - InSardinia</title>
<meta name="description" content="Costa del Sud Eden Rock:comune di Domus de Maria,2 camere da letto, 1 stanza da bagno, zona giorno, giardino,barbecue e doccia,vista mare, giardino privato." />
<meta name="robots" content="index, follow, max-snippet:-1, max-image-preview:large, max-video-preview:-1" />
<link rel="canonical" href="https://www.insardinia.ch/en/property/domus-de-maria-villa-vista-mare-e-giardino/" />
<meta property="og:locale" content="en_US" />
<meta property="og:type" content="article" />
<meta property="og:title" content="Domus de Maria: villa vista mare e giardino - InSardinia" />
<meta property="og:description" content="Costa del Sud Eden Rock:comune di Domus de Maria,2 camere da letto, 1 stanza da bagno, zona giorno, giardino,barbecue e doccia,vista mare, giardino privato." />
<meta property="og:url" content="https://www.insardinia.ch/en/property/domus-de-maria-villa-vista-mare-e-giardino/" />
<meta property="og:site_name" content="InSardinia" />
<meta property="article:modified_time" content="2019-12-03T10:30:09+00:00" />
<meta property="og:image" content="https://www.insardinia.ch/vendita/wp-content/uploads/2019/03/Villa-Seaview-Eden-Rock-Sardinia-24.jpg" />
	<meta property="og:image:width" content="1500" />
	<meta property="og:image:height" content="1361" />
	<meta property="og:image:type" content="image/jpeg" />
<meta name="twitter:card" content="summary_large_image" />
<meta name="twitter:label1" content="Est. reading time" />
	<meta name="twitter:data1" content="2 minutes" />
<script type="application/ld+json" class="yoast-schema-graph">{"@context":"https://schema.org","@graph":[{"@type":"WebPage","@id":"https://www.insardinia.ch/en/property/domus-de-maria-villa-vista-mare-e-giardino/","url":"https://www.insardinia.ch/en/property/domus-de-maria-villa-vista-mare-e-giardino/","name":"Domus de Maria: villa vista mare e giardino - InSardinia","isPartOf":{"@id":"https://www.insardinia.ch/en/#website"},"datePublished":"2019-03-11T11:13:07+00:00","dateModified":"2019-12-03T10:30:09+00:00","description":"Costa del Sud Eden Rock:comune di Domus de Maria,2 camere da letto, 1 stanza da bagno, zona giorno, giardino,barbecue e doccia,vista mare, giardino privato.","breadcrumb":{"@id":"https://www.insardinia.ch/en/property/domus-de-maria-villa-vista-mare-e-giardino/#breadcrumb"},"inLanguage":"en-US","potentialAction":[{"@type":"ReadAction","target":["https://www.insardinia.ch/en/property/domus-de-maria-villa-vista-mare-e-giardino/"]}]},{"@type":"BreadcrumbList","@id":"https://www.insardinia.ch/en/property/domus-de-maria-villa-vista-mare-e-giardino/#breadcrumb","itemListElement":[{"@type":"ListItem","position":1,"name":"Home","item":"https://www.insardinia.ch/en/"},{"@type":"ListItem","position":2,"name":"Proprietà","item":"https://www.insardinia.ch/it/property/"},{"@type":"ListItem","position":3,"name":"Domus de Maria: villa vista mare e giardino"}]},{"@type":"WebSite","@id":"https://www.insardinia.ch/en/#website","url":"https://www.insardinia.ch/en/","name":"InSardinia","description":"","potentialAction":[{"@type":"SearchAction","target":{"@type":"EntryPoint","urlTemplate":"https://www.insardinia.ch/en/?s={search_term_string}"},"query-input":"required name=search_term_string"}],"inLanguage":"en-US"}]}</script>
<!-- / Yoast SEO plugin. -->

Proprietà
