{"id":19351,"date":"2019-03-12T12:13:36","date_gmt":"2019-03-12T11:13:36","guid":{"rendered":"https:\/\/www.insardinia.ch\/property\/funtana-meiga-appartamento-sul-mare\/"},"modified":"2019-12-03T11:19:55","modified_gmt":"2019-12-03T10:19:55","slug":"funtana-meiga-appartamento-sul-mare","status":"publish","type":"property","link":"https:\/\/www.insardinia.ch\/en\/property\/funtana-meiga-appartamento-sul-mare\/","title":{"rendered":"Funtana Meiga: Appartamento sul mare"},"content":{"rendered":"<h1><strong><span lang=\"IT\">Grazioso Appartamento vista mare a Funtana Meiga<br \/>\n<\/span><\/strong><\/h1>\n<p><span lang=\"IT\">Comoda casa vacanze in affitto a Funtana Meiga, disposta al pian terreno e dotata di una magnifica veranda dalla quale si scorge il mare, \u00e8 completamente immersa nel verde tipico della macchia mediterranea.<\/span><\/p>\n<p><span lang=\"IT\">L\u2019Appartamento \u00e8 composto da due ampie camere da letto, una matrimoniale molto luminosa, e l\u2019altra con doppio letto e divano, anche in questo caso una finestra laterale la illumina a dovere. Il bagno \u00e8 grande e alle spalle del soggiorno si trova un pratico angolo cottura. Grande spazio dedicato al salotto dove si trova un divano letto utile all\u2019occorrenza.<\/span><\/p>\n<p><span lang=\"IT\">L\u2019appartamento dispone di una comoda doccia esterna ideale per il rientro dalla spiaggia antistante. C\u2019\u00e8 una riserva idrica dedicata e la TV. Si accede all\u2019appartamento dal pian terreno, ideale anche per raggiungere la spiaggia che si trova a soli 300 metri dalla casa.<\/span><\/p>\n<p><span lang=\"IT\">La veranda \u00e8 il punto forte di questa soluzione poich\u00e9 permette di pranzare e cenare godendo di una piacevole vista e della frescura offerta dalla vegetazione. Si pu\u00f2 considerare la veranda al pari di una sala da pranzo per la sua grandezza.<\/span><\/p>\n<p><span lang=\"IT\">L\u2019interno della casa risulta ben studiato, il suo ingresso non \u00e8 altro che un armonioso prolungamento della veranda.<\/span><\/p>\n<h2><strong><span lang=\"IT\">Ottima soluzione per passare delle piacevoli vacanze al mar di Sardegna ma non solo<\/span><\/strong><\/h2>\n<p><span lang=\"IT\">Un trilocale ben tenuto e semplice nella sua struttura, che ha nella comodit\u00e0 il suo punto forte. Ottima posizione per godere sia dello splendido mare, che per l\u2019agio di avere i servizi necessari vicini a portata di pochi passi. Il market si trova a 100 mt, a 200 mt c\u2019\u00e8 un ristorante bar pizzeria, e ad 1 km si trova la suggestiva San Giovanni di Sinis. Il soggiorno risulta molto piacevole poich\u00e9 gode della possibilit\u00e0 di variare le mete.<\/span><\/p>\n<p><span lang=\"IT\"> Oltre alla vicinanza del mare, ci sono diverse aree attrattive e di grande interesse culturale ed ambientale che faranno felici grandi e bambini.<\/span><\/p>\n<p><span lang=\"IT\">Questa parte della Sardegna ha molto da offrire soprattutto per il fascino della cultura e della storia locale. La particolarit\u00e0 per cui il territorio di San Giovanni in Sinis \u00e8 famosa \u00e8 dovuta al fatto che la penisola del Sinis divide il Golfo di Oristano in due mari, da una parte c\u2019\u00e8 il mare calmo, e dall\u2019altro il mare vivo (agitato).<\/span><\/p>\n<h2><strong><span lang=\"IT\">Ideale per la famiglia e per la variet\u00e0 del territorio<\/span><\/strong><\/h2>\n<p><span lang=\"IT\">La famiglia trova tutte le comodit\u00e0 per trascorrere un piacevole soggiorno immersi nella tipica vita da mare in Sardegna. I colori della spiaggia di sabbia fine e il mare cristallino si ripetono in tutte le insenature del litorale.<\/span><\/p>\n<p><span lang=\"IT\">Oltre ad un mare protetto si trovano differenti modi per godersi la vacanza, tra i quali a breve distanza si trova il sito archeologico di Tharros, la riserva naturale di Oasi di Seu dove \u00e8 facile avvistare le tartarughe ed altri animali della zona.<\/span><\/p>\n<p><span lang=\"IT\">Le spiagge nelle vicinanze di Funtana Meiga sono la spiaggia di Is Aruttas, quella di San Giovani di Sinis, Mar Ermi, Maimoni, e la stupenda Spiaggia Paradiso nell\u2019oasi faunistica di Seu.<\/span><\/p>\n","protected":false},"excerpt":{"rendered":"<p>Grazioso Appartamento vista mare a Funtana Meiga Comoda casa vacanze in affitto a Funtana Meiga, disposta al pian terreno e dotata di una magnifica veranda dalla quale si scorge il mare, \u00e8 completamente immersa nel verde tipico della macchia mediterranea. L\u2019Appartamento \u00e8 composto da due ampie camere da letto, una matrimoniale molto luminosa, e l\u2019altra [&hellip;]<\/p>\n","protected":false},"author":2,"featured_media":10601,"parent":0,"menu_order":0,"template":"","property_type":[1102],"property_status":[383],"property_feature":[517,585,548,647,285,282],"property_label":[667],"property_city":[604],"property_area":[],"property_state":[877],"yoast_head":"<!-- This site is optimized with the Yoast SEO plugin v21.3 - https:\/\/yoast.com\/wordpress\/plugins\/seo\/ -->\n<title>Funtana Meiga: Appartamento sul mare - InSardinia<\/title>\n<meta name=\"description\" content=\"Grazioso e comodo appartamento fronte mare a Funtana Meiga, situato a piano terra, con due ampie camere da letto, doccia esterna e una spaziosa veranda.\" \/>\n<meta name=\"robots\" content=\"index, follow, max-snippet:-1, max-image-preview:large, max-video-preview:-1\" \/>\n<link rel=\"canonical\" href=\"https:\/\/www.insardinia.ch\/en\/property\/funtana-meiga-appartamento-sul-mare\/\" \/>\n<meta property=\"og:locale\" content=\"en_US\" \/>\n<meta property=\"og:type\" content=\"article\" \/>\n<meta property=\"og:title\" content=\"Funtana Meiga: Appartamento sul mare - InSardinia\" \/>\n<meta property=\"og:description\" content=\"Grazioso e comodo appartamento fronte mare a Funtana Meiga, situato a piano terra, con due ampie camere da letto, doccia esterna e una spaziosa veranda.\" \/>\n<meta property=\"og:url\" content=\"https:\/\/www.insardinia.ch\/en\/property\/funtana-meiga-appartamento-sul-mare\/\" \/>\n<meta property=\"og:site_name\" content=\"InSardinia\" \/>\n<meta property=\"article:modified_time\" content=\"2019-12-03T10:19:55+00:00\" \/>\n<meta property=\"og:image\" content=\"https:\/\/www.insardinia.ch\/vendita\/wp-content\/uploads\/2019\/03\/Apt-Cabras-Corbe-Sardinia-09.jpg\" \/>\n\t<meta property=\"og:image:width\" content=\"1500\" \/>\n\t<meta property=\"og:image:height\" content=\"1014\" \/>\n\t<meta property=\"og:image:type\" content=\"image\/jpeg\" \/>\n<meta name=\"twitter:card\" content=\"summary_large_image\" \/>\n<meta name=\"twitter:label1\" content=\"Est. reading time\" \/>\n\t<meta name=\"twitter:data1\" content=\"2 minutes\" \/>\n<script type=\"application\/ld+json\" class=\"yoast-schema-graph\">{\"@context\":\"https:\/\/schema.org\",\"@graph\":[{\"@type\":\"WebPage\",\"@id\":\"https:\/\/www.insardinia.ch\/en\/property\/funtana-meiga-appartamento-sul-mare\/\",\"url\":\"https:\/\/www.insardinia.ch\/en\/property\/funtana-meiga-appartamento-sul-mare\/\",\"name\":\"Funtana Meiga: Appartamento sul mare - InSardinia\",\"isPartOf\":{\"@id\":\"https:\/\/www.insardinia.ch\/en\/#website\"},\"datePublished\":\"2019-03-12T11:13:36+00:00\",\"dateModified\":\"2019-12-03T10:19:55+00:00\",\"description\":\"Grazioso e comodo appartamento fronte mare a Funtana Meiga, situato a piano terra, con due ampie camere da letto, doccia esterna e una spaziosa veranda.\",\"breadcrumb\":{\"@id\":\"https:\/\/www.insardinia.ch\/en\/property\/funtana-meiga-appartamento-sul-mare\/#breadcrumb\"},\"inLanguage\":\"en-US\",\"potentialAction\":[{\"@type\":\"ReadAction\",\"target\":[\"https:\/\/www.insardinia.ch\/en\/property\/funtana-meiga-appartamento-sul-mare\/\"]}]},{\"@type\":\"BreadcrumbList\",\"@id\":\"https:\/\/www.insardinia.ch\/en\/property\/funtana-meiga-appartamento-sul-mare\/#breadcrumb\",\"itemListElement\":[{\"@type\":\"ListItem\",\"position\":1,\"name\":\"Home\",\"item\":\"https:\/\/www.insardinia.ch\/en\/\"},{\"@type\":\"ListItem\",\"position\":2,\"name\":\"Propriet\u00e0\",\"item\":\"https:\/\/www.insardinia.ch\/it\/property\/\"},{\"@type\":\"ListItem\",\"position\":3,\"name\":\"Funtana Meiga: Appartamento sul mare\"}]},{\"@type\":\"WebSite\",\"@id\":\"https:\/\/www.insardinia.ch\/en\/#website\",\"url\":\"https:\/\/www.insardinia.ch\/en\/\",\"name\":\"InSardinia\",\"description\":\"\",\"potentialAction\":[{\"@type\":\"SearchAction\",\"target\":{\"@type\":\"EntryPoint\",\"urlTemplate\":\"https:\/\/www.insardinia.ch\/en\/?s={search_term_string}\"},\"query-input\":\"required name=search_term_string\"}],\"inLanguage\":\"en-US\"}]}<\/script>\n<!-- \/ Yoast SEO plugin. -->","yoast_head_json":{"title":"Funtana Meiga: Appartamento sul mare - InSardinia","description":"Grazioso e comodo appartamento fronte mare a Funtana Meiga, situato a piano terra, con due ampie camere da letto, doccia esterna e una spaziosa veranda.","robots":{"index":"index","follow":"follow","max-snippet":"max-snippet:-1","max-image-preview":"max-image-preview:large","max-video-preview":"max-video-preview:-1"},"canonical":"https:\/\/www.insardinia.ch\/en\/property\/funtana-meiga-appartamento-sul-mare\/","og_locale":"en_US","og_type":"article","og_title":"Funtana Meiga: Appartamento sul mare - InSardinia","og_description":"Grazioso e comodo appartamento fronte mare a Funtana Meiga, situato a piano terra, con due ampie camere da letto, doccia esterna e una spaziosa veranda.","og_url":"https:\/\/www.insardinia.ch\/en\/property\/funtana-meiga-appartamento-sul-mare\/","og_site_name":"InSardinia","article_modified_time":"2019-12-03T10:19:55+00:00","og_image":[{"width":1500,"height":1014,"url":"https:\/\/www.insardinia.ch\/vendita\/wp-content\/uploads\/2019\/03\/Apt-Cabras-Corbe-Sardinia-09.jpg","type":"image\/jpeg"}],"twitter_card":"summary_large_image","twitter_misc":{"Est. reading time":"2 minutes"},"schema":{"@context":"https:\/\/schema.org","@graph":[{"@type":"WebPage","@id":"https:\/\/www.insardinia.ch\/en\/property\/funtana-meiga-appartamento-sul-mare\/","url":"https:\/\/www.insardinia.ch\/en\/property\/funtana-meiga-appartamento-sul-mare\/","name":"Funtana Meiga: Appartamento sul mare - InSardinia","isPartOf":{"@id":"https:\/\/www.insardinia.ch\/en\/#website"},"datePublished":"2019-03-12T11:13:36+00:00","dateModified":"2019-12-03T10:19:55+00:00","description":"Grazioso e comodo appartamento fronte mare a Funtana Meiga, situato a piano terra, con due ampie camere da letto, doccia esterna e una spaziosa veranda.","breadcrumb":{"@id":"https:\/\/www.insardinia.ch\/en\/property\/funtana-meiga-appartamento-sul-mare\/#breadcrumb"},"inLanguage":"en-US","potentialAction":[{"@type":"ReadAction","target":["https:\/\/www.insardinia.ch\/en\/property\/funtana-meiga-appartamento-sul-mare\/"]}]},{"@type":"BreadcrumbList","@id":"https:\/\/www.insardinia.ch\/en\/property\/funtana-meiga-appartamento-sul-mare\/#breadcrumb","itemListElement":[{"@type":"ListItem","position":1,"name":"Home","item":"https:\/\/www.insardinia.ch\/en\/"},{"@type":"ListItem","position":2,"name":"Propriet\u00e0","item":"https:\/\/www.insardinia.ch\/it\/property\/"},{"@type":"ListItem","position":3,"name":"Funtana Meiga: Appartamento sul mare"}]},{"@type":"WebSite","@id":"https:\/\/www.insardinia.ch\/en\/#website","url":"https:\/\/www.insardinia.ch\/en\/","name":"InSardinia","description":"","potentialAction":[{"@type":"SearchAction","target":{"@type":"EntryPoint","urlTemplate":"https:\/\/www.insardinia.ch\/en\/?s={search_term_string}"},"query-input":"required name=search_term_string"}],"inLanguage":"en-US"}]}},"_links":{"self":[{"href":"https:\/\/www.insardinia.ch\/en\/wp-json\/wp\/v2\/properties\/19351"}],"collection":[{"href":"https:\/\/www.insardinia.ch\/en\/wp-json\/wp\/v2\/properties"}],"about":[{"href":"https:\/\/www.insardinia.ch\/en\/wp-json\/wp\/v2\/types\/property"}],"author":[{"embeddable":true,"href":"https:\/\/www.insardinia.ch\/en\/wp-json\/wp\/v2\/users\/2"}],"version-history":[{"count":0,"href":"https:\/\/www.insardinia.ch\/en\/wp-json\/wp\/v2\/properties\/19351\/revisions"}],"wp:featuredmedia":[{"embeddable":true,"href":"https:\/\/www.insardinia.ch\/en\/wp-json\/wp\/v2\/media\/10601"}],"wp:attachment":[{"href":"https:\/\/www.insardinia.ch\/en\/wp-json\/wp\/v2\/media?parent=19351"}],"wp:term":[{"taxonomy":"property_type","embeddable":true,"href":"https:\/\/www.insardinia.ch\/en\/wp-json\/wp\/v2\/property_type?post=19351"},{"taxonomy":"property_status","embeddable":true,"href":"https:\/\/www.insardinia.ch\/en\/wp-json\/wp\/v2\/property_status?post=19351"},{"taxonomy":"property_feature","embeddable":true,"href":"https:\/\/www.insardinia.ch\/en\/wp-json\/wp\/v2\/property_feature?post=19351"},{"taxonomy":"property_label","embeddable":true,"href":"https:\/\/www.insardinia.ch\/en\/wp-json\/wp\/v2\/property_label?post=19351"},{"taxonomy":"property_city","embeddable":true,"href":"https:\/\/www.insardinia.ch\/en\/wp-json\/wp\/v2\/property_city?post=19351"},{"taxonomy":"property_area","embeddable":true,"href":"https:\/\/www.insardinia.ch\/en\/wp-json\/wp\/v2\/property_area?post=19351"},{"taxonomy":"property_state","embeddable":true,"href":"https:\/\/www.insardinia.ch\/en\/wp-json\/wp\/v2\/property_state?post=19351"}],"curies":[{"name":"wp","href":"https:\/\/api.w.org\/{rel}","templated":true}]}}

<h1><strong><span lang="IT">Grazioso Appartamento vista mare a Funtana Meiga<br />
</span></strong></h1>
<p><span lang="IT">Comoda casa vacanze in affitto a Funtana Meiga, disposta al pian terreno e dotata di una magnifica veranda dalla quale si scorge il mare, è completamente immersa nel verde tipico della macchia mediterranea.</span></p>
<p><span lang="IT">L’Appartamento è composto da due ampie camere da letto, una matrimoniale molto luminosa, e l’altra con doppio letto e divano, anche in questo caso una finestra laterale la illumina a dovere. Il bagno è grande e alle spalle del soggiorno si trova un pratico angolo cottura. Grande spazio dedicato al salotto dove si trova un divano letto utile all’occorrenza.</span></p>
<p><span lang="IT">L’appartamento dispone di una comoda doccia esterna ideale per il rientro dalla spiaggia antistante. C’è una riserva idrica dedicata e la TV. Si accede all’appartamento dal pian terreno, ideale anche per raggiungere la spiaggia che si trova a soli 300 metri dalla casa.</span></p>
<p><span lang="IT">La veranda è il punto forte di questa soluzione poiché permette di pranzare e cenare godendo di una piacevole vista e della frescura offerta dalla vegetazione. Si può considerare la veranda al pari di una sala da pranzo per la sua grandezza.</span></p>
<p><span lang="IT">L’interno della casa risulta ben studiato, il suo ingresso non è altro che un armonioso prolungamento della veranda.</span></p>
<h2><strong><span lang="IT">Ottima soluzione per passare delle piacevoli vacanze al mar di Sardegna ma non solo</span></strong></h2>
<p><span lang="IT">Un trilocale ben tenuto e semplice nella sua struttura, che ha nella comodità il suo punto forte. Ottima posizione per godere sia dello splendido mare, che per l’agio di avere i servizi necessari vicini a portata di pochi passi. Il market si trova a 100 mt, a 200 mt c’è un ristorante bar pizzeria, e ad 1 km si trova la suggestiva San Giovanni di Sinis. Il soggiorno risulta molto piacevole poiché gode della possibilità di variare le mete.</span></p>
<p><span lang="IT"> Oltre alla vicinanza del mare, ci sono diverse aree attrattive e di grande interesse culturale ed ambientale che faranno felici grandi e bambini.</span></p>
<p><span lang="IT">Questa parte della Sardegna ha molto da offrire soprattutto per il fascino della cultura e della storia locale. La particolarità per cui il territorio di San Giovanni in Sinis è famosa è dovuta al fatto che la penisola del Sinis divide il Golfo di Oristano in due mari, da una parte c’è il mare calmo, e dall’altro il mare vivo (agitato).</span></p>
<h2><strong><span lang="IT">Ideale per la famiglia e per la varietà del territorio</span></strong></h2>
<p><span lang="IT">La famiglia trova tutte le comodità per trascorrere un piacevole soggiorno immersi nella tipica vita da mare in Sardegna. I colori della spiaggia di sabbia fine e il mare cristallino si ripetono in tutte le insenature del litorale.</span></p>
<p><span lang="IT">Oltre ad un mare protetto si trovano differenti modi per godersi la vacanza, tra i quali a breve distanza si trova il sito archeologico di Tharros, la riserva naturale di Oasi di Seu dove è facile avvistare le tartarughe ed altri animali della zona.</span></p>
<p><span lang="IT">Le spiagge nelle vicinanze di Funtana Meiga sono la spiaggia di Is Aruttas, quella di San Giovani di Sinis, Mar Ermi, Maimoni, e la stupenda Spiaggia Paradiso nell’oasi faunistica di Seu.</span></p>

<p>Grazioso Appartamento vista mare a Funtana Meiga Comoda casa vacanze in affitto a Funtana Meiga, disposta al pian terreno e dotata di una magnifica veranda dalla quale si scorge il mare, è completamente immersa nel verde tipico della macchia mediterranea. L’Appartamento è composto da due ampie camere da letto, una matrimoniale molto luminosa, e l’altra [&hellip;]</p>

<!-- This site is optimized with the Yoast SEO plugin v21.3 - https://yoast.com/wordpress/plugins/seo/ -->
<title>Funtana Meiga: Appartamento sul mare - InSardinia</title>
<meta name="description" content="Grazioso e comodo appartamento fronte mare a Funtana Meiga, situato a piano terra, con due ampie camere da letto, doccia esterna e una spaziosa veranda." />
<meta name="robots" content="index, follow, max-snippet:-1, max-image-preview:large, max-video-preview:-1" />
<link rel="canonical" href="https://www.insardinia.ch/en/property/funtana-meiga-appartamento-sul-mare/" />
<meta property="og:locale" content="en_US" />
<meta property="og:type" content="article" />
<meta property="og:title" content="Funtana Meiga: Appartamento sul mare - InSardinia" />
<meta property="og:description" content="Grazioso e comodo appartamento fronte mare a Funtana Meiga, situato a piano terra, con due ampie camere da letto, doccia esterna e una spaziosa veranda." />
<meta property="og:url" content="https://www.insardinia.ch/en/property/funtana-meiga-appartamento-sul-mare/" />
<meta property="og:site_name" content="InSardinia" />
<meta property="article:modified_time" content="2019-12-03T10:19:55+00:00" />
<meta property="og:image" content="https://www.insardinia.ch/vendita/wp-content/uploads/2019/03/Apt-Cabras-Corbe-Sardinia-09.jpg" />
	<meta property="og:image:width" content="1500" />
	<meta property="og:image:height" content="1014" />
	<meta property="og:image:type" content="image/jpeg" />
<meta name="twitter:card" content="summary_large_image" />
<meta name="twitter:label1" content="Est. reading time" />
	<meta name="twitter:data1" content="2 minutes" />
<script type="application/ld+json" class="yoast-schema-graph">{"@context":"https://schema.org","@graph":[{"@type":"WebPage","@id":"https://www.insardinia.ch/en/property/funtana-meiga-appartamento-sul-mare/","url":"https://www.insardinia.ch/en/property/funtana-meiga-appartamento-sul-mare/","name":"Funtana Meiga: Appartamento sul mare - InSardinia","isPartOf":{"@id":"https://www.insardinia.ch/en/#website"},"datePublished":"2019-03-12T11:13:36+00:00","dateModified":"2019-12-03T10:19:55+00:00","description":"Grazioso e comodo appartamento fronte mare a Funtana Meiga, situato a piano terra, con due ampie camere da letto, doccia esterna e una spaziosa veranda.","breadcrumb":{"@id":"https://www.insardinia.ch/en/property/funtana-meiga-appartamento-sul-mare/#breadcrumb"},"inLanguage":"en-US","potentialAction":[{"@type":"ReadAction","target":["https://www.insardinia.ch/en/property/funtana-meiga-appartamento-sul-mare/"]}]},{"@type":"BreadcrumbList","@id":"https://www.insardinia.ch/en/property/funtana-meiga-appartamento-sul-mare/#breadcrumb","itemListElement":[{"@type":"ListItem","position":1,"name":"Home","item":"https://www.insardinia.ch/en/"},{"@type":"ListItem","position":2,"name":"Proprietà","item":"https://www.insardinia.ch/it/property/"},{"@type":"ListItem","position":3,"name":"Funtana Meiga: Appartamento sul mare"}]},{"@type":"WebSite","@id":"https://www.insardinia.ch/en/#website","url":"https://www.insardinia.ch/en/","name":"InSardinia","description":"","potentialAction":[{"@type":"SearchAction","target":{"@type":"EntryPoint","urlTemplate":"https://www.insardinia.ch/en/?s={search_term_string}"},"query-input":"required name=search_term_string"}],"inLanguage":"en-US"}]}</script>
<!-- / Yoast SEO plugin. -->

Proprietà
